{"id":40376,"date":"2021-12-09T17:23:20","date_gmt":"2021-12-09T22:23:20","guid":{"rendered":"https:\/\/4netonline.com\/wpg\/?post_type=product&#038;p=40376"},"modified":"2023-08-25T07:56:41","modified_gmt":"2023-08-25T12:56:41","slug":"fiber-optic-termination-box-unpopulated-otb-0608aohdk","status":"publish","type":"product","link":"https:\/\/www.4netonline.com\/wpg\/product\/fiber-optic-termination-box-unpopulated-otb-0608aohdk\/","title":{"rendered":"FO Box Termination Box UNPOPULATED"},"content":{"rendered":"<p style=\"text-align: center\">Fiber Optic Termination Box<\/p>\n<p>TB-0608AOHDK is a Fiber Optic Termination Box that suitable for optical fiber splicing, distribution and protection. Load 1pc fiber adapter plate of 9 SC simplex adapter port or 1pc plastic splitter cassette 1\u00d78. It support 8 drop cable output and cable entry without cutting.<\/p>\n<p><b>FEATURES<\/b><\/p>\n<ul>\n<li>Small size, reasonable structure, convenient for operation.<\/li>\n<li>Material: PP impact resistant plastic.<\/li>\n<li>Load 1pc adapter plate of max. 9pcs SC simplex adapter or 1pc plastic splitter cassette 1\u00d78.<\/li>\n<li>Load 1pc PLC 1:8 steel tube type splitter.<\/li>\n<li>Wall mounted and pole mounted application available<\/li>\n<li>Waterproof, outdoor using, IP65<\/li>\n<li>Cable ports:<\/li>\n<li>1pc cable port M20 suitable for \u03a66~11mm cable entry<\/li>\n<li>1pc reserved hole suitable for M20 cable gland<\/li>\n<li>1pc oval port support \u03a66~12mm cable entry without cutting<\/li>\n<li>8 pcs 2*3mm FTTH drop cable output ports<\/li>\n<\/ul>\n<p><span style=\"color: #ffffff\">Fiber Optic Termination Box<\/span><\/p>\n<p><a href=\"https:\/\/4netonline.com\/wpg\/contact-us\/\">Questions<\/a><\/p>\n<p class=\"break-words white-space-pre-wrap mb5 t-14 t-black--light t-normal\"><span style=\"color: #ffffff\">Somos un Distribuidor Master Mayorista localizado en Miami, FL. USA. Contamos con m\u00e1s de 20 a\u00f1os de experiencias y amplia presencia en Latinoam\u00e9rica. Productos; -Cables de Fibra Optica -Accesorios, Cajas y herramientas para Instalaci\u00f3n de redes de Fibra Opticas -Antenas -Cableado estructurado -Conectores y accesorios para instalaci\u00f3n de cableados -Productos para aplicaciones profesionales de Wireless (Wi-Fi); Switch, Routers, Antenas, Mesh, Somos distribuidores directos de marcas l\u00edderes en el mercado, tenemos varios programas donde ofrecemos bajos precios para compa\u00f1\u00edas aliadas. Usted y su empresa se beneficiar\u00e1 del ahorro y otras ventajas que la har\u00e1n m\u00e1s atractiva a sus clientes con las siguientes marcas: Ubiquiti Mikrotik Cambium Networks Tenda Cablix Mimosa ALG COM Exportamos a: Argentina Bolivia Brasil Chile Colombia Costa Rica Ecuador M\u00e9xico Paraguay Panam\u00e1 Per\u00fa Puerto Rico Uruguay El Caribe Venezuela \u2014\u2014\u2014\u2014\u2014\u2014\u2014\u2014\u2014\u2014\u2014\u2014\u2014\u2014\u2014\u2014\u2014\u2014\u2014\u2014\u2014\u2014\u2014\u2014\u2014\u2014\u2014\u2014\u2014\u2014\u2014\u2014\u2014\u2014\u2014\u2014\u2014\u2014\u2014\u2014\u2014\u2014\u2013 We are a Master wholesale distributor located in Miami, FL. USA. We have over 20 years of experience and broad presence in Latin America. Line of products; -Optic Fiber \u2013 Accessories to install Optic Fiber Network \u2013 Structured Cabling Products; \u2013 Wireless ( Wi-Fi based) products for Professional Applications; \u2013 miami.<\/span><\/p>\n<p>&nbsp;<\/p>\n<p>Fiber Optic Termination Box<\/p>\n","protected":false},"excerpt":{"rendered":"<p>Fiber Optic Termination Box TB-0608AOHDK is a Fiber Optic Termination Box that suitable for optical fiber splicing, distribution and protection&#8230;.<\/p>\n","protected":false},"featured_media":40378,"template":"","meta":[],"etheme_brands":[{"term_id":1115,"name":"Cablix","slug":"cablix","term_group":0,"term_taxonomy_id":1115,"taxonomy":"brand","description":"","parent":0,"count":181,"filter":"raw"}],"product_brand":[],"product_cat":[1401,1407,1411],"product_tag":[],"class_list":{"0":"post-40376","1":"product","2":"type-product","3":"status-publish","4":"has-post-thumbnail","6":"brand-cablix","7":"product_cat-cablix","8":"product_cat-cablix-fiber","9":"product_cat-cablix-fiber-termination-box","11":"first","12":"instock","13":"taxable","14":"shipping-taxable","15":"purchasable","16":"product-type-simple"},"yoast_head":"<!-- This site is optimized with the Yoast SEO plugin v27.3 - https:\/\/yoast.com\/product\/yoast-seo-wordpress\/ -->\n<title>FO Box Termination Box UNPOPULATED - 4Net Networking<\/title>\n<meta name=\"description\" content=\"Fiber Optic Termination Box that suitable for optical fiber splicing, distribution and protection. Load 1pc fiber adapter plate of 9 SC simp\" \/>\n<meta name=\"robots\" content=\"index, follow, max-snippet:-1, max-image-preview:large, max-video-preview:-1\" \/>\n<link rel=\"canonical\" href=\"https:\/\/www.4netonline.com\/wpg\/product\/fiber-optic-termination-box-unpopulated-otb-0608aohdk\/\" \/>\n<meta property=\"og:locale\" content=\"en_US\" \/>\n<meta property=\"og:type\" content=\"article\" \/>\n<meta property=\"og:title\" content=\"FO Box Termination Box UNPOPULATED - 4Net Networking\" \/>\n<meta property=\"og:description\" content=\"Fiber Optic Termination Box that suitable for optical fiber splicing, distribution and protection. Load 1pc fiber adapter plate of 9 SC simp\" \/>\n<meta property=\"og:url\" content=\"https:\/\/www.4netonline.com\/wpg\/product\/fiber-optic-termination-box-unpopulated-otb-0608aohdk\/\" \/>\n<meta property=\"og:site_name\" content=\"4Net Networking\" \/>\n<meta property=\"article:publisher\" content=\"https:\/\/www.facebook.com\/4netNetworking\/\" \/>\n<meta property=\"article:modified_time\" content=\"2023-08-25T12:56:41+00:00\" \/>\n<meta property=\"og:image\" content=\"https:\/\/www.4netonline.com\/wpg\/wp-content\/uploads\/2021\/12\/93.jpg\" \/>\n\t<meta property=\"og:image:width\" content=\"576\" \/>\n\t<meta property=\"og:image:height\" content=\"576\" \/>\n\t<meta property=\"og:image:type\" content=\"image\/jpeg\" \/>\n<meta name=\"twitter:card\" content=\"summary_large_image\" \/>\n<meta name=\"twitter:site\" content=\"@4netonline\" \/>\n<meta name=\"twitter:label1\" content=\"Est. reading time\" \/>\n\t<meta name=\"twitter:data1\" content=\"2 minutes\" \/>\n<script type=\"application\/ld+json\" class=\"yoast-schema-graph\">{\"@context\":\"https:\\\/\\\/schema.org\",\"@graph\":[{\"@type\":\"WebPage\",\"@id\":\"https:\\\/\\\/www.4netonline.com\\\/wpg\\\/product\\\/fiber-optic-termination-box-unpopulated-otb-0608aohdk\\\/\",\"url\":\"https:\\\/\\\/www.4netonline.com\\\/wpg\\\/product\\\/fiber-optic-termination-box-unpopulated-otb-0608aohdk\\\/\",\"name\":\"FO Box Termination Box UNPOPULATED - 4Net Networking\",\"isPartOf\":{\"@id\":\"https:\\\/\\\/www.4netonline.com\\\/wpg\\\/#website\"},\"primaryImageOfPage\":{\"@id\":\"https:\\\/\\\/www.4netonline.com\\\/wpg\\\/product\\\/fiber-optic-termination-box-unpopulated-otb-0608aohdk\\\/#primaryimage\"},\"image\":{\"@id\":\"https:\\\/\\\/www.4netonline.com\\\/wpg\\\/product\\\/fiber-optic-termination-box-unpopulated-otb-0608aohdk\\\/#primaryimage\"},\"thumbnailUrl\":\"https:\\\/\\\/www.4netonline.com\\\/wpg\\\/wp-content\\\/uploads\\\/2021\\\/12\\\/93.jpg\",\"datePublished\":\"2021-12-09T22:23:20+00:00\",\"dateModified\":\"2023-08-25T12:56:41+00:00\",\"description\":\"Fiber Optic Termination Box that suitable for optical fiber splicing, distribution and protection. Load 1pc fiber adapter plate of 9 SC simp\",\"breadcrumb\":{\"@id\":\"https:\\\/\\\/www.4netonline.com\\\/wpg\\\/product\\\/fiber-optic-termination-box-unpopulated-otb-0608aohdk\\\/#breadcrumb\"},\"inLanguage\":\"en-US\",\"potentialAction\":[{\"@type\":\"ReadAction\",\"target\":[\"https:\\\/\\\/www.4netonline.com\\\/wpg\\\/product\\\/fiber-optic-termination-box-unpopulated-otb-0608aohdk\\\/\"]}]},{\"@type\":\"ImageObject\",\"inLanguage\":\"en-US\",\"@id\":\"https:\\\/\\\/www.4netonline.com\\\/wpg\\\/product\\\/fiber-optic-termination-box-unpopulated-otb-0608aohdk\\\/#primaryimage\",\"url\":\"https:\\\/\\\/www.4netonline.com\\\/wpg\\\/wp-content\\\/uploads\\\/2021\\\/12\\\/93.jpg\",\"contentUrl\":\"https:\\\/\\\/www.4netonline.com\\\/wpg\\\/wp-content\\\/uploads\\\/2021\\\/12\\\/93.jpg\",\"width\":576,\"height\":576,\"caption\":\"Fiber Optic Termination Box\"},{\"@type\":\"BreadcrumbList\",\"@id\":\"https:\\\/\\\/www.4netonline.com\\\/wpg\\\/product\\\/fiber-optic-termination-box-unpopulated-otb-0608aohdk\\\/#breadcrumb\",\"itemListElement\":[{\"@type\":\"ListItem\",\"position\":1,\"name\":\"Home\",\"item\":\"https:\\\/\\\/www.4netonline.com\\\/wpg\\\/\"},{\"@type\":\"ListItem\",\"position\":2,\"name\":\"Shop\",\"item\":\"https:\\\/\\\/www.4netonline.com\\\/wpg\\\/shop-2\\\/\"},{\"@type\":\"ListItem\",\"position\":3,\"name\":\"FO Box Termination Box UNPOPULATED\"}]},{\"@type\":\"WebSite\",\"@id\":\"https:\\\/\\\/www.4netonline.com\\\/wpg\\\/#website\",\"url\":\"https:\\\/\\\/www.4netonline.com\\\/wpg\\\/\",\"name\":\"4Net Networking\",\"description\":\"\",\"publisher\":{\"@id\":\"https:\\\/\\\/www.4netonline.com\\\/wpg\\\/#organization\"},\"potentialAction\":[{\"@type\":\"SearchAction\",\"target\":{\"@type\":\"EntryPoint\",\"urlTemplate\":\"https:\\\/\\\/www.4netonline.com\\\/wpg\\\/?s={search_term_string}\"},\"query-input\":{\"@type\":\"PropertyValueSpecification\",\"valueRequired\":true,\"valueName\":\"search_term_string\"}}],\"inLanguage\":\"en-US\"},{\"@type\":\"Organization\",\"@id\":\"https:\\\/\\\/www.4netonline.com\\\/wpg\\\/#organization\",\"name\":\"4net Networks\",\"url\":\"https:\\\/\\\/www.4netonline.com\\\/wpg\\\/\",\"logo\":{\"@type\":\"ImageObject\",\"inLanguage\":\"en-US\",\"@id\":\"https:\\\/\\\/www.4netonline.com\\\/wpg\\\/#\\\/schema\\\/logo\\\/image\\\/\",\"url\":\"\",\"contentUrl\":\"\",\"caption\":\"4net Networks\"},\"image\":{\"@id\":\"https:\\\/\\\/www.4netonline.com\\\/wpg\\\/#\\\/schema\\\/logo\\\/image\\\/\"},\"sameAs\":[\"https:\\\/\\\/www.facebook.com\\\/4netNetworking\\\/\",\"https:\\\/\\\/x.com\\\/4netonline\",\"https:\\\/\\\/www.linkedin.com\\\/company\\\/4net-networking-corp\",\"https:\\\/\\\/www.youtube.com\\\/channel\\\/UCmHmX1rrKiDV0uOWZBVSn7g\"]}]}<\/script>\n<!-- \/ Yoast SEO plugin. -->","yoast_head_json":{"title":"FO Box Termination Box UNPOPULATED - 4Net Networking","description":"Fiber Optic Termination Box that suitable for optical fiber splicing, distribution and protection. Load 1pc fiber adapter plate of 9 SC simp","robots":{"index":"index","follow":"follow","max-snippet":"max-snippet:-1","max-image-preview":"max-image-preview:large","max-video-preview":"max-video-preview:-1"},"canonical":"https:\/\/www.4netonline.com\/wpg\/product\/fiber-optic-termination-box-unpopulated-otb-0608aohdk\/","og_locale":"en_US","og_type":"article","og_title":"FO Box Termination Box UNPOPULATED - 4Net Networking","og_description":"Fiber Optic Termination Box that suitable for optical fiber splicing, distribution and protection. Load 1pc fiber adapter plate of 9 SC simp","og_url":"https:\/\/www.4netonline.com\/wpg\/product\/fiber-optic-termination-box-unpopulated-otb-0608aohdk\/","og_site_name":"4Net Networking","article_publisher":"https:\/\/www.facebook.com\/4netNetworking\/","article_modified_time":"2023-08-25T12:56:41+00:00","og_image":[{"width":576,"height":576,"url":"https:\/\/www.4netonline.com\/wpg\/wp-content\/uploads\/2021\/12\/93.jpg","type":"image\/jpeg"}],"twitter_card":"summary_large_image","twitter_site":"@4netonline","twitter_misc":{"Est. reading time":"2 minutes"},"schema":{"@context":"https:\/\/schema.org","@graph":[{"@type":"WebPage","@id":"https:\/\/www.4netonline.com\/wpg\/product\/fiber-optic-termination-box-unpopulated-otb-0608aohdk\/","url":"https:\/\/www.4netonline.com\/wpg\/product\/fiber-optic-termination-box-unpopulated-otb-0608aohdk\/","name":"FO Box Termination Box UNPOPULATED - 4Net Networking","isPartOf":{"@id":"https:\/\/www.4netonline.com\/wpg\/#website"},"primaryImageOfPage":{"@id":"https:\/\/www.4netonline.com\/wpg\/product\/fiber-optic-termination-box-unpopulated-otb-0608aohdk\/#primaryimage"},"image":{"@id":"https:\/\/www.4netonline.com\/wpg\/product\/fiber-optic-termination-box-unpopulated-otb-0608aohdk\/#primaryimage"},"thumbnailUrl":"https:\/\/www.4netonline.com\/wpg\/wp-content\/uploads\/2021\/12\/93.jpg","datePublished":"2021-12-09T22:23:20+00:00","dateModified":"2023-08-25T12:56:41+00:00","description":"Fiber Optic Termination Box that suitable for optical fiber splicing, distribution and protection. Load 1pc fiber adapter plate of 9 SC simp","breadcrumb":{"@id":"https:\/\/www.4netonline.com\/wpg\/product\/fiber-optic-termination-box-unpopulated-otb-0608aohdk\/#breadcrumb"},"inLanguage":"en-US","potentialAction":[{"@type":"ReadAction","target":["https:\/\/www.4netonline.com\/wpg\/product\/fiber-optic-termination-box-unpopulated-otb-0608aohdk\/"]}]},{"@type":"ImageObject","inLanguage":"en-US","@id":"https:\/\/www.4netonline.com\/wpg\/product\/fiber-optic-termination-box-unpopulated-otb-0608aohdk\/#primaryimage","url":"https:\/\/www.4netonline.com\/wpg\/wp-content\/uploads\/2021\/12\/93.jpg","contentUrl":"https:\/\/www.4netonline.com\/wpg\/wp-content\/uploads\/2021\/12\/93.jpg","width":576,"height":576,"caption":"Fiber Optic Termination Box"},{"@type":"BreadcrumbList","@id":"https:\/\/www.4netonline.com\/wpg\/product\/fiber-optic-termination-box-unpopulated-otb-0608aohdk\/#breadcrumb","itemListElement":[{"@type":"ListItem","position":1,"name":"Home","item":"https:\/\/www.4netonline.com\/wpg\/"},{"@type":"ListItem","position":2,"name":"Shop","item":"https:\/\/www.4netonline.com\/wpg\/shop-2\/"},{"@type":"ListItem","position":3,"name":"FO Box Termination Box UNPOPULATED"}]},{"@type":"WebSite","@id":"https:\/\/www.4netonline.com\/wpg\/#website","url":"https:\/\/www.4netonline.com\/wpg\/","name":"4Net Networking","description":"","publisher":{"@id":"https:\/\/www.4netonline.com\/wpg\/#organization"},"potentialAction":[{"@type":"SearchAction","target":{"@type":"EntryPoint","urlTemplate":"https:\/\/www.4netonline.com\/wpg\/?s={search_term_string}"},"query-input":{"@type":"PropertyValueSpecification","valueRequired":true,"valueName":"search_term_string"}}],"inLanguage":"en-US"},{"@type":"Organization","@id":"https:\/\/www.4netonline.com\/wpg\/#organization","name":"4net Networks","url":"https:\/\/www.4netonline.com\/wpg\/","logo":{"@type":"ImageObject","inLanguage":"en-US","@id":"https:\/\/www.4netonline.com\/wpg\/#\/schema\/logo\/image\/","url":"","contentUrl":"","caption":"4net Networks"},"image":{"@id":"https:\/\/www.4netonline.com\/wpg\/#\/schema\/logo\/image\/"},"sameAs":["https:\/\/www.facebook.com\/4netNetworking\/","https:\/\/x.com\/4netonline","https:\/\/www.linkedin.com\/company\/4net-networking-corp","https:\/\/www.youtube.com\/channel\/UCmHmX1rrKiDV0uOWZBVSn7g"]}]}},"_links":{"self":[{"href":"https:\/\/www.4netonline.com\/wpg\/wp-json\/wp\/v2\/product\/40376","targetHints":{"allow":["GET"]}}],"collection":[{"href":"https:\/\/www.4netonline.com\/wpg\/wp-json\/wp\/v2\/product"}],"about":[{"href":"https:\/\/www.4netonline.com\/wpg\/wp-json\/wp\/v2\/types\/product"}],"version-history":[{"count":0,"href":"https:\/\/www.4netonline.com\/wpg\/wp-json\/wp\/v2\/product\/40376\/revisions"}],"wp:featuredmedia":[{"embeddable":true,"href":"https:\/\/www.4netonline.com\/wpg\/wp-json\/wp\/v2\/media\/40378"}],"wp:attachment":[{"href":"https:\/\/www.4netonline.com\/wpg\/wp-json\/wp\/v2\/media?parent=40376"}],"wp:term":[{"taxonomy":"brand","embeddable":true,"href":"https:\/\/www.4netonline.com\/wpg\/wp-json\/wp\/v2\/etheme_brands?post=40376"},{"taxonomy":"product_brand","embeddable":true,"href":"https:\/\/www.4netonline.com\/wpg\/wp-json\/wp\/v2\/product_brand?post=40376"},{"taxonomy":"product_cat","embeddable":true,"href":"https:\/\/www.4netonline.com\/wpg\/wp-json\/wp\/v2\/product_cat?post=40376"},{"taxonomy":"product_tag","embeddable":true,"href":"https:\/\/www.4netonline.com\/wpg\/wp-json\/wp\/v2\/product_tag?post=40376"}],"curies":[{"name":"wp","href":"https:\/\/api.w.org\/{rel}","templated":true}]}}