{"id":39493,"date":"2021-08-02T11:22:07","date_gmt":"2021-08-02T16:22:07","guid":{"rendered":"https:\/\/4netonline.com\/wpg\/?post_type=product&#038;p=39493"},"modified":"2023-04-14T12:00:11","modified_gmt":"2023-04-14T17:00:11","slug":"uisp-cable-carrier-ubiquiti-cat5e-outdoor-cable-1000-ft","status":"publish","type":"product","link":"https:\/\/www.4netonline.com\/wpg\/product\/uisp-cable-carrier-ubiquiti-cat5e-outdoor-cable-1000-ft\/","title":{"rendered":"UISP Cable Carrier CAT5e (1000 ft)"},"content":{"rendered":"<p style=\"text-align: center\">UISP Cable Carrier Ubiquiti<\/p>\n<p>Industrial-grade Ethernet cable that protects your network from elemental and electrostatic damage<\/p>\n<p>The UISP-Cable-Carrier is a Category 5e cable that delivers multilayered elemental protection with a primary braid shield and a weatherproof jacket that prevents damage from rain, snow, and other harsh climatic conditions. The cable is also equipped with a drain wire and internal foil shielding to protect it from electrostatic discharge (ESD), and its anti-crosstalk divider preserves signal integrity, allowing the cable to maintain Gigabit Ethernet link rates even when electromagnetic interference is present.<\/p>\n<p>Features:<\/p>\n<p>1,000 ft (305 m) Category 5e cable<br \/>\n24 AWG solid copper conductor pairings<br \/>\nInsulated, weatherproof cable jacket<br \/>\nInternal braid and foil shielding<br \/>\nDrain wire that protects against ESD damage<br \/>\nAnti-crosstalk divider<\/p>\n<p>Product Specifications<br \/>\n\u2022 Cable Length: 305 m (1000 ft)<br \/>\n\u2022 Cable Color: Black<br \/>\n\u2022 Cable Type: CAT5e, Shielded<br \/>\n\u2022 Ethernet Support: Up to 1 Gbps<br \/>\n\u2022 Conductor Wire Gauge: 24 AWG<br \/>\n\u2022 Conductor: Solid Bare Copper<br \/>\n\u2022 Conductor Diameter: 0.500 \u00b1 0.005 mm<br \/>\n\u2022 Insulation Type: Solid Polyethylene<br \/>\n\u2022 Insulation Thickness: Avg. 0.295 mm (Min. 0.29 mm)<br \/>\n\u2022 Insulation Diameter: 1.16 \u00b1 0.02 mm<br \/>\n\u2022 Anti-Crosstalk Divider: LDPE: 4.2*0.3 mm<br \/>\n\u2022 Cable Shield (Aluminum Foil): Thick: 0.060 mm, Extent: 20 mm<br \/>\n\u2022 ESD Drain Wire: 0.4 TC<br \/>\n\u2022 Jacket Thickness: Avg. 0.52 mm (Min. 0.46 mm)<br \/>\n\u2022 Jacket Diameter: 6.8 \u00b1 0.30 mm<\/p>\n<p>Product Includes<br \/>\n(1) CAT5e UISP Cable Carrier (1000ft)<\/p>\n<p><a href=\"https:\/\/4netonline.com\/wpg\/sales-team\/\">Questions?<\/a><\/p>\n<p><span style=\"color: #ffffff\">UISP Cable Carrier Ubiquiti<\/span><\/p>\n<p><span style=\"color: #ffffff\">Somos un Distribuidor Master Mayorista localizado en Miami, FL. USA. Contamos con m\u00e1s de 20 a\u00f1os de experiencias y amplia presencia en Latinoam\u00e9rica. Productos; -Cables de Fibra Optica -Accesorios, Cajas y herramientas para Instalaci\u00f3n de redes de Fibra Opticas -Antenas -Cableado estructurado -Conectores y accesorios para instalaci\u00f3n de cableados -Productos para aplicaciones profesionales de Wireless (Wi-Fi); Switch, Routers, Antenas, Mesh, Somos distribuidores directos de marcas l\u00edderes en el mercado, tenemos varios programas donde ofrecemos bajos precios para compa\u00f1\u00edas aliadas. Usted y su empresa se beneficiar\u00e1 del ahorro y otras ventajas que la har\u00e1n m\u00e1s atractiva a sus clientes con las siguientes marcas: Ubiquiti Mikrotik Cambium Networks Tenda Cablix Mimosa ALG COM Exportamos a: Argentina Bolivia Brasil Chile Colombia Costa Rica Ecuador M\u00e9xico Paraguay Panam\u00e1 Per\u00fa Puerto Rico Uruguay El Caribe Venezuela &#8212;&#8212;&#8212;&#8212;&#8212;&#8212;&#8212;&#8212;&#8212;&#8212;&#8212;&#8212;&#8212;&#8212;&#8212;&#8212;&#8212;&#8212;&#8212;&#8212;&#8212;&#8212;&#8212;&#8212;&#8212;&#8212;&#8212;&#8212;&#8212;&#8212;&#8212;&#8212;&#8212;&#8212;&#8212;&#8212;&#8212;&#8212;&#8212;&#8212;&#8212;&#8212;&#8211; We are a Master wholesale distributor located in Miami, FL. USA. We have over 20 years of experience and broad presence in Latin America. Line of products;\u00a0<\/span><\/p>\n","protected":false},"excerpt":{"rendered":"<p>UISP Cable Carrier Ubiquiti Industrial-grade Ethernet cable that protects your network from elemental and electrostatic damage The UISP-Cable-Carrier is a&#8230;<\/p>\n","protected":false},"featured_media":39494,"template":"","meta":[],"etheme_brands":[{"term_id":1114,"name":"Ubiquiti","slug":"ubiquiti","term_group":0,"term_taxonomy_id":1114,"taxonomy":"brand","description":"","parent":0,"count":272,"filter":"raw"}],"product_brand":[],"product_cat":[1155,1148,1157],"product_tag":[],"class_list":{"0":"post-39493","1":"product","2":"type-product","3":"status-publish","4":"has-post-thumbnail","6":"brand-ubiquiti","7":"product_cat-ub-isp-operator","8":"product_cat-ubiquiti","9":"product_cat-ub-isp-operator-wired-products","11":"first","12":"instock","13":"taxable","14":"shipping-taxable","15":"purchasable","16":"product-type-simple"},"yoast_head":"<!-- This site is optimized with the Yoast SEO plugin v27.2 - https:\/\/yoast.com\/product\/yoast-seo-wordpress\/ -->\n<title>UISP Cable Carrier CAT5e (1000 ft) - 4Net Networking<\/title>\n<meta name=\"description\" content=\"UISP Cable Carrier Ubiquiti Industrial-grade Ethernet cable that protects your network from elemental and electrostatic damageThe UISP-Cable\" \/>\n<meta name=\"robots\" content=\"index, follow, max-snippet:-1, max-image-preview:large, max-video-preview:-1\" \/>\n<link rel=\"canonical\" href=\"https:\/\/www.4netonline.com\/wpg\/product\/uisp-cable-carrier-ubiquiti-cat5e-outdoor-cable-1000-ft\/\" \/>\n<meta property=\"og:locale\" content=\"en_US\" \/>\n<meta property=\"og:type\" content=\"article\" \/>\n<meta property=\"og:title\" content=\"UISP Cable Carrier CAT5e (1000 ft) - 4Net Networking\" \/>\n<meta property=\"og:description\" content=\"UISP Cable Carrier Ubiquiti Industrial-grade Ethernet cable that protects your network from elemental and electrostatic damageThe UISP-Cable\" \/>\n<meta property=\"og:url\" content=\"https:\/\/www.4netonline.com\/wpg\/product\/uisp-cable-carrier-ubiquiti-cat5e-outdoor-cable-1000-ft\/\" \/>\n<meta property=\"og:site_name\" content=\"4Net Networking\" \/>\n<meta property=\"article:publisher\" content=\"https:\/\/www.facebook.com\/4netNetworking\/\" \/>\n<meta property=\"article:modified_time\" content=\"2023-04-14T17:00:11+00:00\" \/>\n<meta property=\"og:image\" content=\"https:\/\/www.4netonline.com\/wpg\/wp-content\/uploads\/2021\/08\/05.jpg\" \/>\n\t<meta property=\"og:image:width\" content=\"600\" \/>\n\t<meta property=\"og:image:height\" content=\"600\" \/>\n\t<meta property=\"og:image:type\" content=\"image\/jpeg\" \/>\n<meta name=\"twitter:card\" content=\"summary_large_image\" \/>\n<meta name=\"twitter:site\" content=\"@4netonline\" \/>\n<meta name=\"twitter:label1\" content=\"Est. reading time\" \/>\n\t<meta name=\"twitter:data1\" content=\"2 minutes\" \/>\n<script type=\"application\/ld+json\" class=\"yoast-schema-graph\">{\"@context\":\"https:\/\/schema.org\",\"@graph\":[{\"@type\":\"WebPage\",\"@id\":\"https:\/\/www.4netonline.com\/wpg\/product\/uisp-cable-carrier-ubiquiti-cat5e-outdoor-cable-1000-ft\/\",\"url\":\"https:\/\/www.4netonline.com\/wpg\/product\/uisp-cable-carrier-ubiquiti-cat5e-outdoor-cable-1000-ft\/\",\"name\":\"UISP Cable Carrier CAT5e (1000 ft) - 4Net Networking\",\"isPartOf\":{\"@id\":\"https:\/\/www.4netonline.com\/wpg\/#website\"},\"primaryImageOfPage\":{\"@id\":\"https:\/\/www.4netonline.com\/wpg\/product\/uisp-cable-carrier-ubiquiti-cat5e-outdoor-cable-1000-ft\/#primaryimage\"},\"image\":{\"@id\":\"https:\/\/www.4netonline.com\/wpg\/product\/uisp-cable-carrier-ubiquiti-cat5e-outdoor-cable-1000-ft\/#primaryimage\"},\"thumbnailUrl\":\"https:\/\/www.4netonline.com\/wpg\/wp-content\/uploads\/2021\/08\/05.jpg\",\"datePublished\":\"2021-08-02T16:22:07+00:00\",\"dateModified\":\"2023-04-14T17:00:11+00:00\",\"description\":\"UISP Cable Carrier Ubiquiti Industrial-grade Ethernet cable that protects your network from elemental and electrostatic damageThe UISP-Cable\",\"breadcrumb\":{\"@id\":\"https:\/\/www.4netonline.com\/wpg\/product\/uisp-cable-carrier-ubiquiti-cat5e-outdoor-cable-1000-ft\/#breadcrumb\"},\"inLanguage\":\"en-US\",\"potentialAction\":[{\"@type\":\"ReadAction\",\"target\":[\"https:\/\/www.4netonline.com\/wpg\/product\/uisp-cable-carrier-ubiquiti-cat5e-outdoor-cable-1000-ft\/\"]}]},{\"@type\":\"ImageObject\",\"inLanguage\":\"en-US\",\"@id\":\"https:\/\/www.4netonline.com\/wpg\/product\/uisp-cable-carrier-ubiquiti-cat5e-outdoor-cable-1000-ft\/#primaryimage\",\"url\":\"https:\/\/www.4netonline.com\/wpg\/wp-content\/uploads\/2021\/08\/05.jpg\",\"contentUrl\":\"https:\/\/www.4netonline.com\/wpg\/wp-content\/uploads\/2021\/08\/05.jpg\",\"width\":600,\"height\":600,\"caption\":\"UISP Cable Carrier Ubiquiti\"},{\"@type\":\"BreadcrumbList\",\"@id\":\"https:\/\/www.4netonline.com\/wpg\/product\/uisp-cable-carrier-ubiquiti-cat5e-outdoor-cable-1000-ft\/#breadcrumb\",\"itemListElement\":[{\"@type\":\"ListItem\",\"position\":1,\"name\":\"Home\",\"item\":\"https:\/\/www.4netonline.com\/wpg\/\"},{\"@type\":\"ListItem\",\"position\":2,\"name\":\"Shop\",\"item\":\"https:\/\/www.4netonline.com\/wpg\/shop-2\/\"},{\"@type\":\"ListItem\",\"position\":3,\"name\":\"UISP Cable Carrier CAT5e (1000 ft)\"}]},{\"@type\":\"WebSite\",\"@id\":\"https:\/\/www.4netonline.com\/wpg\/#website\",\"url\":\"https:\/\/www.4netonline.com\/wpg\/\",\"name\":\"4Net Networking\",\"description\":\"\",\"publisher\":{\"@id\":\"https:\/\/www.4netonline.com\/wpg\/#organization\"},\"potentialAction\":[{\"@type\":\"SearchAction\",\"target\":{\"@type\":\"EntryPoint\",\"urlTemplate\":\"https:\/\/www.4netonline.com\/wpg\/?s={search_term_string}\"},\"query-input\":{\"@type\":\"PropertyValueSpecification\",\"valueRequired\":true,\"valueName\":\"search_term_string\"}}],\"inLanguage\":\"en-US\"},{\"@type\":\"Organization\",\"@id\":\"https:\/\/www.4netonline.com\/wpg\/#organization\",\"name\":\"4net Networks\",\"url\":\"https:\/\/www.4netonline.com\/wpg\/\",\"logo\":{\"@type\":\"ImageObject\",\"inLanguage\":\"en-US\",\"@id\":\"https:\/\/www.4netonline.com\/wpg\/#\/schema\/logo\/image\/\",\"url\":\"\",\"contentUrl\":\"\",\"caption\":\"4net Networks\"},\"image\":{\"@id\":\"https:\/\/www.4netonline.com\/wpg\/#\/schema\/logo\/image\/\"},\"sameAs\":[\"https:\/\/www.facebook.com\/4netNetworking\/\",\"https:\/\/x.com\/4netonline\",\"https:\/\/www.linkedin.com\/company\/4net-networking-corp\",\"https:\/\/www.youtube.com\/channel\/UCmHmX1rrKiDV0uOWZBVSn7g\"]}]}<\/script>\n<!-- \/ Yoast SEO plugin. -->","yoast_head_json":{"title":"UISP Cable Carrier CAT5e (1000 ft) - 4Net Networking","description":"UISP Cable Carrier Ubiquiti Industrial-grade Ethernet cable that protects your network from elemental and electrostatic damageThe UISP-Cable","robots":{"index":"index","follow":"follow","max-snippet":"max-snippet:-1","max-image-preview":"max-image-preview:large","max-video-preview":"max-video-preview:-1"},"canonical":"https:\/\/www.4netonline.com\/wpg\/product\/uisp-cable-carrier-ubiquiti-cat5e-outdoor-cable-1000-ft\/","og_locale":"en_US","og_type":"article","og_title":"UISP Cable Carrier CAT5e (1000 ft) - 4Net Networking","og_description":"UISP Cable Carrier Ubiquiti Industrial-grade Ethernet cable that protects your network from elemental and electrostatic damageThe UISP-Cable","og_url":"https:\/\/www.4netonline.com\/wpg\/product\/uisp-cable-carrier-ubiquiti-cat5e-outdoor-cable-1000-ft\/","og_site_name":"4Net Networking","article_publisher":"https:\/\/www.facebook.com\/4netNetworking\/","article_modified_time":"2023-04-14T17:00:11+00:00","og_image":[{"width":600,"height":600,"url":"https:\/\/www.4netonline.com\/wpg\/wp-content\/uploads\/2021\/08\/05.jpg","type":"image\/jpeg"}],"twitter_card":"summary_large_image","twitter_site":"@4netonline","twitter_misc":{"Est. reading time":"2 minutes"},"schema":{"@context":"https:\/\/schema.org","@graph":[{"@type":"WebPage","@id":"https:\/\/www.4netonline.com\/wpg\/product\/uisp-cable-carrier-ubiquiti-cat5e-outdoor-cable-1000-ft\/","url":"https:\/\/www.4netonline.com\/wpg\/product\/uisp-cable-carrier-ubiquiti-cat5e-outdoor-cable-1000-ft\/","name":"UISP Cable Carrier CAT5e (1000 ft) - 4Net Networking","isPartOf":{"@id":"https:\/\/www.4netonline.com\/wpg\/#website"},"primaryImageOfPage":{"@id":"https:\/\/www.4netonline.com\/wpg\/product\/uisp-cable-carrier-ubiquiti-cat5e-outdoor-cable-1000-ft\/#primaryimage"},"image":{"@id":"https:\/\/www.4netonline.com\/wpg\/product\/uisp-cable-carrier-ubiquiti-cat5e-outdoor-cable-1000-ft\/#primaryimage"},"thumbnailUrl":"https:\/\/www.4netonline.com\/wpg\/wp-content\/uploads\/2021\/08\/05.jpg","datePublished":"2021-08-02T16:22:07+00:00","dateModified":"2023-04-14T17:00:11+00:00","description":"UISP Cable Carrier Ubiquiti Industrial-grade Ethernet cable that protects your network from elemental and electrostatic damageThe UISP-Cable","breadcrumb":{"@id":"https:\/\/www.4netonline.com\/wpg\/product\/uisp-cable-carrier-ubiquiti-cat5e-outdoor-cable-1000-ft\/#breadcrumb"},"inLanguage":"en-US","potentialAction":[{"@type":"ReadAction","target":["https:\/\/www.4netonline.com\/wpg\/product\/uisp-cable-carrier-ubiquiti-cat5e-outdoor-cable-1000-ft\/"]}]},{"@type":"ImageObject","inLanguage":"en-US","@id":"https:\/\/www.4netonline.com\/wpg\/product\/uisp-cable-carrier-ubiquiti-cat5e-outdoor-cable-1000-ft\/#primaryimage","url":"https:\/\/www.4netonline.com\/wpg\/wp-content\/uploads\/2021\/08\/05.jpg","contentUrl":"https:\/\/www.4netonline.com\/wpg\/wp-content\/uploads\/2021\/08\/05.jpg","width":600,"height":600,"caption":"UISP Cable Carrier Ubiquiti"},{"@type":"BreadcrumbList","@id":"https:\/\/www.4netonline.com\/wpg\/product\/uisp-cable-carrier-ubiquiti-cat5e-outdoor-cable-1000-ft\/#breadcrumb","itemListElement":[{"@type":"ListItem","position":1,"name":"Home","item":"https:\/\/www.4netonline.com\/wpg\/"},{"@type":"ListItem","position":2,"name":"Shop","item":"https:\/\/www.4netonline.com\/wpg\/shop-2\/"},{"@type":"ListItem","position":3,"name":"UISP Cable Carrier CAT5e (1000 ft)"}]},{"@type":"WebSite","@id":"https:\/\/www.4netonline.com\/wpg\/#website","url":"https:\/\/www.4netonline.com\/wpg\/","name":"4Net Networking","description":"","publisher":{"@id":"https:\/\/www.4netonline.com\/wpg\/#organization"},"potentialAction":[{"@type":"SearchAction","target":{"@type":"EntryPoint","urlTemplate":"https:\/\/www.4netonline.com\/wpg\/?s={search_term_string}"},"query-input":{"@type":"PropertyValueSpecification","valueRequired":true,"valueName":"search_term_string"}}],"inLanguage":"en-US"},{"@type":"Organization","@id":"https:\/\/www.4netonline.com\/wpg\/#organization","name":"4net Networks","url":"https:\/\/www.4netonline.com\/wpg\/","logo":{"@type":"ImageObject","inLanguage":"en-US","@id":"https:\/\/www.4netonline.com\/wpg\/#\/schema\/logo\/image\/","url":"","contentUrl":"","caption":"4net Networks"},"image":{"@id":"https:\/\/www.4netonline.com\/wpg\/#\/schema\/logo\/image\/"},"sameAs":["https:\/\/www.facebook.com\/4netNetworking\/","https:\/\/x.com\/4netonline","https:\/\/www.linkedin.com\/company\/4net-networking-corp","https:\/\/www.youtube.com\/channel\/UCmHmX1rrKiDV0uOWZBVSn7g"]}]}},"_links":{"self":[{"href":"https:\/\/www.4netonline.com\/wpg\/wp-json\/wp\/v2\/product\/39493","targetHints":{"allow":["GET"]}}],"collection":[{"href":"https:\/\/www.4netonline.com\/wpg\/wp-json\/wp\/v2\/product"}],"about":[{"href":"https:\/\/www.4netonline.com\/wpg\/wp-json\/wp\/v2\/types\/product"}],"version-history":[{"count":0,"href":"https:\/\/www.4netonline.com\/wpg\/wp-json\/wp\/v2\/product\/39493\/revisions"}],"wp:featuredmedia":[{"embeddable":true,"href":"https:\/\/www.4netonline.com\/wpg\/wp-json\/wp\/v2\/media\/39494"}],"wp:attachment":[{"href":"https:\/\/www.4netonline.com\/wpg\/wp-json\/wp\/v2\/media?parent=39493"}],"wp:term":[{"taxonomy":"brand","embeddable":true,"href":"https:\/\/www.4netonline.com\/wpg\/wp-json\/wp\/v2\/etheme_brands?post=39493"},{"taxonomy":"product_brand","embeddable":true,"href":"https:\/\/www.4netonline.com\/wpg\/wp-json\/wp\/v2\/product_brand?post=39493"},{"taxonomy":"product_cat","embeddable":true,"href":"https:\/\/www.4netonline.com\/wpg\/wp-json\/wp\/v2\/product_cat?post=39493"},{"taxonomy":"product_tag","embeddable":true,"href":"https:\/\/www.4netonline.com\/wpg\/wp-json\/wp\/v2\/product_tag?post=39493"}],"curies":[{"name":"wp","href":"https:\/\/api.w.org\/{rel}","templated":true}]}}