{"id":39485,"date":"2021-08-02T10:35:56","date_gmt":"2021-08-02T15:35:56","guid":{"rendered":"https:\/\/4netonline.com\/wpg\/?post_type=product&#038;p=39485"},"modified":"2023-04-11T09:37:52","modified_gmt":"2023-04-11T14:37:52","slug":"ubiquiti-networks-airfiber-af60-lr-us-60ghz-lr-ptp","status":"publish","type":"product","link":"https:\/\/www.4netonline.com\/wpg\/product\/ubiquiti-networks-airfiber-af60-lr-us-60ghz-lr-ptp\/","title":{"rendered":"Ubiquiti airFiber AF60-LR-US"},"content":{"rendered":"<p style=\"text-align: center\">Ubiquiti Networks airFiber<\/p>\n<p>airFiber 60 GHz Radio System Featuring Wave Technology with True Duplex Gigabit Performance for PtP Links over 12 km Distances<br \/>\nAF60 LR is a 60GHz radio designed for high-throughput connectivity over an extended range. The airFiber 60 LR features the integrated high-gain dish antenna for high speed, long-range performance Point-to-Point (PtP) links. New WaveTechnology enables incredible long-range performance within the 60GHz spectrum.<\/p>\n<p>Includes a built-in Bluetooth management radio for easy setup.<\/p>\n<p>Features:<\/p>\n<ul>\n<li>Low-Interference 60 GHz Spectrum<\/li>\n<li>Integrated GPS<\/li>\n<li>Long Range, Up to 12 km<\/li>\n<li>Precision Alignment Mount Included<\/li>\n<li>link.ui.com Planning Support<\/li>\n<li>Quick Setup Using the *UISP&#x2122; App via Bluetooth<\/li>\n<li>*UNMS Application will change to UISP&#x2122; Application from version 1.3.0 onward.<\/li>\n<\/ul>\n<p><a href=\"https:\/\/4netonline.com\/wpg\/sales-team\/\">Questions?<\/a><\/p>\n<p><span style=\"color: #ffffff\">Ubiquiti Networks airFiber<\/span><\/p>\n<p><span style=\"color: #ffffff\">Somos un Distribuidor Master Mayorista localizado en Miami, FL. USA. Contamos con m\u00e1s de 20 a\u00f1os de experiencias y amplia presencia en Latinoam\u00e9rica. Productos; -Cables de Fibra Optica -Accesorios, Cajas y herramientas para Instalaci\u00f3n de redes de Fibra Opticas -Antenas -Cableado estructurado -Conectores y accesorios para instalaci\u00f3n de cableados -Productos para aplicaciones profesionales de Wireless (Wi-Fi); Switch, Routers, Antenas, Mesh, Somos distribuidores directos de marcas l\u00edderes en el mercado, tenemos varios programas donde ofrecemos bajos precios para compa\u00f1\u00edas aliadas. Usted y su empresa se beneficiar\u00e1 del ahorro y otras ventajas que la har\u00e1n m\u00e1s atractiva a sus clientes con las siguientes marcas: Ubiquiti Mikrotik Cambium Networks Tenda Cablix Mimosa ALG COM Exportamos a: Argentina Bolivia Brasil Chile Colombia Costa Rica Ecuador M\u00e9xico Paraguay Panam\u00e1 Per\u00fa Puerto Rico Uruguay El Caribe Venezuela &#8212;&#8212;&#8212;&#8212;&#8212;&#8212;&#8212;&#8212;&#8212;&#8212;&#8212;&#8212;&#8212;&#8212;&#8212;&#8212;&#8212;&#8212;&#8212;&#8212;&#8212;&#8212;&#8212;&#8212;&#8212;&#8212;&#8212;&#8212;&#8212;&#8212;&#8212;&#8212;&#8212;&#8212;&#8212;&#8212;&#8212;&#8212;&#8212;&#8212;&#8212;&#8212;&#8211; We are a Master wholesale distributor located in Miami, FL. USA. We have over 20 years of experience and broad presence in Latin America. Line of products; -Optic Fiber &#8211; Accessories to install Optic Fiber Network &#8211; Structured Cabling Products; &#8211; Wireless ( Wi-Fi based) products for Professional Applications; &#8211; CCTV &amp; Surveillance equipments and accessories; We are direct distributors of leading brands in the market, we have several programs where we offer low prices for allied companies. You and your company will benefit from the savings and other benefits that will make your business more attractive to your customers with the following brands:<\/span><\/p>\n","protected":false},"excerpt":{"rendered":"<p>Ubiquiti Networks airFiber airFiber 60 GHz Radio System Featuring Wave Technology with True Duplex Gigabit Performance for PtP Links over&#8230;<\/p>\n","protected":false},"featured_media":39486,"template":"","meta":[],"etheme_brands":[{"term_id":1114,"name":"Ubiquiti","slug":"ubiquiti","term_group":0,"term_taxonomy_id":1114,"taxonomy":"brand","description":"","parent":0,"count":272,"filter":"raw"}],"product_brand":[],"product_cat":[1155,1148,1156],"product_tag":[],"class_list":{"0":"post-39485","1":"product","2":"type-product","3":"status-publish","4":"has-post-thumbnail","6":"brand-ubiquiti","7":"product_cat-ub-isp-operator","8":"product_cat-ubiquiti","9":"product_cat-ub-isp-operator-wireless-products","11":"first","12":"instock","13":"taxable","14":"shipping-taxable","15":"purchasable","16":"product-type-simple"},"yoast_head":"<!-- This site is optimized with the Yoast SEO plugin v27.2 - https:\/\/yoast.com\/product\/yoast-seo-wordpress\/ -->\n<title>Ubiquiti airFiber AF60-LR-US - 4Net Networking<\/title>\n<meta name=\"description\" content=\"Ubiquiti Networks airFiber airFiber 60 GHz Radio System Featuring Wave Technology with True Duplex Gigabit Performance for PtP Links over\" \/>\n<meta name=\"robots\" content=\"index, follow, max-snippet:-1, max-image-preview:large, max-video-preview:-1\" \/>\n<link rel=\"canonical\" href=\"https:\/\/www.4netonline.com\/wpg\/product\/ubiquiti-networks-airfiber-af60-lr-us-60ghz-lr-ptp\/\" \/>\n<meta property=\"og:locale\" content=\"en_US\" \/>\n<meta property=\"og:type\" content=\"article\" \/>\n<meta property=\"og:title\" content=\"Ubiquiti airFiber AF60-LR-US - 4Net Networking\" \/>\n<meta property=\"og:description\" content=\"Ubiquiti Networks airFiber airFiber 60 GHz Radio System Featuring Wave Technology with True Duplex Gigabit Performance for PtP Links over\" \/>\n<meta property=\"og:url\" content=\"https:\/\/www.4netonline.com\/wpg\/product\/ubiquiti-networks-airfiber-af60-lr-us-60ghz-lr-ptp\/\" \/>\n<meta property=\"og:site_name\" content=\"4Net Networking\" \/>\n<meta property=\"article:publisher\" content=\"https:\/\/www.facebook.com\/4netNetworking\/\" \/>\n<meta property=\"article:modified_time\" content=\"2023-04-11T14:37:52+00:00\" \/>\n<meta property=\"og:image\" content=\"https:\/\/www.4netonline.com\/wpg\/wp-content\/uploads\/2021\/08\/01.jpg\" \/>\n\t<meta property=\"og:image:width\" content=\"600\" \/>\n\t<meta property=\"og:image:height\" content=\"600\" \/>\n\t<meta property=\"og:image:type\" content=\"image\/jpeg\" \/>\n<meta name=\"twitter:card\" content=\"summary_large_image\" \/>\n<meta name=\"twitter:site\" content=\"@4netonline\" \/>\n<meta name=\"twitter:label1\" content=\"Est. reading time\" \/>\n\t<meta name=\"twitter:data1\" content=\"2 minutes\" \/>\n<script type=\"application\/ld+json\" class=\"yoast-schema-graph\">{\"@context\":\"https:\/\/schema.org\",\"@graph\":[{\"@type\":\"WebPage\",\"@id\":\"https:\/\/www.4netonline.com\/wpg\/product\/ubiquiti-networks-airfiber-af60-lr-us-60ghz-lr-ptp\/\",\"url\":\"https:\/\/www.4netonline.com\/wpg\/product\/ubiquiti-networks-airfiber-af60-lr-us-60ghz-lr-ptp\/\",\"name\":\"Ubiquiti airFiber AF60-LR-US - 4Net Networking\",\"isPartOf\":{\"@id\":\"https:\/\/www.4netonline.com\/wpg\/#website\"},\"primaryImageOfPage\":{\"@id\":\"https:\/\/www.4netonline.com\/wpg\/product\/ubiquiti-networks-airfiber-af60-lr-us-60ghz-lr-ptp\/#primaryimage\"},\"image\":{\"@id\":\"https:\/\/www.4netonline.com\/wpg\/product\/ubiquiti-networks-airfiber-af60-lr-us-60ghz-lr-ptp\/#primaryimage\"},\"thumbnailUrl\":\"https:\/\/www.4netonline.com\/wpg\/wp-content\/uploads\/2021\/08\/01.jpg\",\"datePublished\":\"2021-08-02T15:35:56+00:00\",\"dateModified\":\"2023-04-11T14:37:52+00:00\",\"description\":\"Ubiquiti Networks airFiber airFiber 60 GHz Radio System Featuring Wave Technology with True Duplex Gigabit Performance for PtP Links over\",\"breadcrumb\":{\"@id\":\"https:\/\/www.4netonline.com\/wpg\/product\/ubiquiti-networks-airfiber-af60-lr-us-60ghz-lr-ptp\/#breadcrumb\"},\"inLanguage\":\"en-US\",\"potentialAction\":[{\"@type\":\"ReadAction\",\"target\":[\"https:\/\/www.4netonline.com\/wpg\/product\/ubiquiti-networks-airfiber-af60-lr-us-60ghz-lr-ptp\/\"]}]},{\"@type\":\"ImageObject\",\"inLanguage\":\"en-US\",\"@id\":\"https:\/\/www.4netonline.com\/wpg\/product\/ubiquiti-networks-airfiber-af60-lr-us-60ghz-lr-ptp\/#primaryimage\",\"url\":\"https:\/\/www.4netonline.com\/wpg\/wp-content\/uploads\/2021\/08\/01.jpg\",\"contentUrl\":\"https:\/\/www.4netonline.com\/wpg\/wp-content\/uploads\/2021\/08\/01.jpg\",\"width\":600,\"height\":600,\"caption\":\"Ubiquiti Networks airFiber\"},{\"@type\":\"BreadcrumbList\",\"@id\":\"https:\/\/www.4netonline.com\/wpg\/product\/ubiquiti-networks-airfiber-af60-lr-us-60ghz-lr-ptp\/#breadcrumb\",\"itemListElement\":[{\"@type\":\"ListItem\",\"position\":1,\"name\":\"Home\",\"item\":\"https:\/\/www.4netonline.com\/wpg\/\"},{\"@type\":\"ListItem\",\"position\":2,\"name\":\"Shop\",\"item\":\"https:\/\/www.4netonline.com\/wpg\/shop-2\/\"},{\"@type\":\"ListItem\",\"position\":3,\"name\":\"Ubiquiti airFiber AF60-LR-US\"}]},{\"@type\":\"WebSite\",\"@id\":\"https:\/\/www.4netonline.com\/wpg\/#website\",\"url\":\"https:\/\/www.4netonline.com\/wpg\/\",\"name\":\"4Net Networking\",\"description\":\"\",\"publisher\":{\"@id\":\"https:\/\/www.4netonline.com\/wpg\/#organization\"},\"potentialAction\":[{\"@type\":\"SearchAction\",\"target\":{\"@type\":\"EntryPoint\",\"urlTemplate\":\"https:\/\/www.4netonline.com\/wpg\/?s={search_term_string}\"},\"query-input\":{\"@type\":\"PropertyValueSpecification\",\"valueRequired\":true,\"valueName\":\"search_term_string\"}}],\"inLanguage\":\"en-US\"},{\"@type\":\"Organization\",\"@id\":\"https:\/\/www.4netonline.com\/wpg\/#organization\",\"name\":\"4net Networks\",\"url\":\"https:\/\/www.4netonline.com\/wpg\/\",\"logo\":{\"@type\":\"ImageObject\",\"inLanguage\":\"en-US\",\"@id\":\"https:\/\/www.4netonline.com\/wpg\/#\/schema\/logo\/image\/\",\"url\":\"\",\"contentUrl\":\"\",\"caption\":\"4net Networks\"},\"image\":{\"@id\":\"https:\/\/www.4netonline.com\/wpg\/#\/schema\/logo\/image\/\"},\"sameAs\":[\"https:\/\/www.facebook.com\/4netNetworking\/\",\"https:\/\/x.com\/4netonline\",\"https:\/\/www.linkedin.com\/company\/4net-networking-corp\",\"https:\/\/www.youtube.com\/channel\/UCmHmX1rrKiDV0uOWZBVSn7g\"]}]}<\/script>\n<!-- \/ Yoast SEO plugin. -->","yoast_head_json":{"title":"Ubiquiti airFiber AF60-LR-US - 4Net Networking","description":"Ubiquiti Networks airFiber airFiber 60 GHz Radio System Featuring Wave Technology with True Duplex Gigabit Performance for PtP Links over","robots":{"index":"index","follow":"follow","max-snippet":"max-snippet:-1","max-image-preview":"max-image-preview:large","max-video-preview":"max-video-preview:-1"},"canonical":"https:\/\/www.4netonline.com\/wpg\/product\/ubiquiti-networks-airfiber-af60-lr-us-60ghz-lr-ptp\/","og_locale":"en_US","og_type":"article","og_title":"Ubiquiti airFiber AF60-LR-US - 4Net Networking","og_description":"Ubiquiti Networks airFiber airFiber 60 GHz Radio System Featuring Wave Technology with True Duplex Gigabit Performance for PtP Links over","og_url":"https:\/\/www.4netonline.com\/wpg\/product\/ubiquiti-networks-airfiber-af60-lr-us-60ghz-lr-ptp\/","og_site_name":"4Net Networking","article_publisher":"https:\/\/www.facebook.com\/4netNetworking\/","article_modified_time":"2023-04-11T14:37:52+00:00","og_image":[{"width":600,"height":600,"url":"https:\/\/www.4netonline.com\/wpg\/wp-content\/uploads\/2021\/08\/01.jpg","type":"image\/jpeg"}],"twitter_card":"summary_large_image","twitter_site":"@4netonline","twitter_misc":{"Est. reading time":"2 minutes"},"schema":{"@context":"https:\/\/schema.org","@graph":[{"@type":"WebPage","@id":"https:\/\/www.4netonline.com\/wpg\/product\/ubiquiti-networks-airfiber-af60-lr-us-60ghz-lr-ptp\/","url":"https:\/\/www.4netonline.com\/wpg\/product\/ubiquiti-networks-airfiber-af60-lr-us-60ghz-lr-ptp\/","name":"Ubiquiti airFiber AF60-LR-US - 4Net Networking","isPartOf":{"@id":"https:\/\/www.4netonline.com\/wpg\/#website"},"primaryImageOfPage":{"@id":"https:\/\/www.4netonline.com\/wpg\/product\/ubiquiti-networks-airfiber-af60-lr-us-60ghz-lr-ptp\/#primaryimage"},"image":{"@id":"https:\/\/www.4netonline.com\/wpg\/product\/ubiquiti-networks-airfiber-af60-lr-us-60ghz-lr-ptp\/#primaryimage"},"thumbnailUrl":"https:\/\/www.4netonline.com\/wpg\/wp-content\/uploads\/2021\/08\/01.jpg","datePublished":"2021-08-02T15:35:56+00:00","dateModified":"2023-04-11T14:37:52+00:00","description":"Ubiquiti Networks airFiber airFiber 60 GHz Radio System Featuring Wave Technology with True Duplex Gigabit Performance for PtP Links over","breadcrumb":{"@id":"https:\/\/www.4netonline.com\/wpg\/product\/ubiquiti-networks-airfiber-af60-lr-us-60ghz-lr-ptp\/#breadcrumb"},"inLanguage":"en-US","potentialAction":[{"@type":"ReadAction","target":["https:\/\/www.4netonline.com\/wpg\/product\/ubiquiti-networks-airfiber-af60-lr-us-60ghz-lr-ptp\/"]}]},{"@type":"ImageObject","inLanguage":"en-US","@id":"https:\/\/www.4netonline.com\/wpg\/product\/ubiquiti-networks-airfiber-af60-lr-us-60ghz-lr-ptp\/#primaryimage","url":"https:\/\/www.4netonline.com\/wpg\/wp-content\/uploads\/2021\/08\/01.jpg","contentUrl":"https:\/\/www.4netonline.com\/wpg\/wp-content\/uploads\/2021\/08\/01.jpg","width":600,"height":600,"caption":"Ubiquiti Networks airFiber"},{"@type":"BreadcrumbList","@id":"https:\/\/www.4netonline.com\/wpg\/product\/ubiquiti-networks-airfiber-af60-lr-us-60ghz-lr-ptp\/#breadcrumb","itemListElement":[{"@type":"ListItem","position":1,"name":"Home","item":"https:\/\/www.4netonline.com\/wpg\/"},{"@type":"ListItem","position":2,"name":"Shop","item":"https:\/\/www.4netonline.com\/wpg\/shop-2\/"},{"@type":"ListItem","position":3,"name":"Ubiquiti airFiber AF60-LR-US"}]},{"@type":"WebSite","@id":"https:\/\/www.4netonline.com\/wpg\/#website","url":"https:\/\/www.4netonline.com\/wpg\/","name":"4Net Networking","description":"","publisher":{"@id":"https:\/\/www.4netonline.com\/wpg\/#organization"},"potentialAction":[{"@type":"SearchAction","target":{"@type":"EntryPoint","urlTemplate":"https:\/\/www.4netonline.com\/wpg\/?s={search_term_string}"},"query-input":{"@type":"PropertyValueSpecification","valueRequired":true,"valueName":"search_term_string"}}],"inLanguage":"en-US"},{"@type":"Organization","@id":"https:\/\/www.4netonline.com\/wpg\/#organization","name":"4net Networks","url":"https:\/\/www.4netonline.com\/wpg\/","logo":{"@type":"ImageObject","inLanguage":"en-US","@id":"https:\/\/www.4netonline.com\/wpg\/#\/schema\/logo\/image\/","url":"","contentUrl":"","caption":"4net Networks"},"image":{"@id":"https:\/\/www.4netonline.com\/wpg\/#\/schema\/logo\/image\/"},"sameAs":["https:\/\/www.facebook.com\/4netNetworking\/","https:\/\/x.com\/4netonline","https:\/\/www.linkedin.com\/company\/4net-networking-corp","https:\/\/www.youtube.com\/channel\/UCmHmX1rrKiDV0uOWZBVSn7g"]}]}},"_links":{"self":[{"href":"https:\/\/www.4netonline.com\/wpg\/wp-json\/wp\/v2\/product\/39485","targetHints":{"allow":["GET"]}}],"collection":[{"href":"https:\/\/www.4netonline.com\/wpg\/wp-json\/wp\/v2\/product"}],"about":[{"href":"https:\/\/www.4netonline.com\/wpg\/wp-json\/wp\/v2\/types\/product"}],"version-history":[{"count":0,"href":"https:\/\/www.4netonline.com\/wpg\/wp-json\/wp\/v2\/product\/39485\/revisions"}],"wp:featuredmedia":[{"embeddable":true,"href":"https:\/\/www.4netonline.com\/wpg\/wp-json\/wp\/v2\/media\/39486"}],"wp:attachment":[{"href":"https:\/\/www.4netonline.com\/wpg\/wp-json\/wp\/v2\/media?parent=39485"}],"wp:term":[{"taxonomy":"brand","embeddable":true,"href":"https:\/\/www.4netonline.com\/wpg\/wp-json\/wp\/v2\/etheme_brands?post=39485"},{"taxonomy":"product_brand","embeddable":true,"href":"https:\/\/www.4netonline.com\/wpg\/wp-json\/wp\/v2\/product_brand?post=39485"},{"taxonomy":"product_cat","embeddable":true,"href":"https:\/\/www.4netonline.com\/wpg\/wp-json\/wp\/v2\/product_cat?post=39485"},{"taxonomy":"product_tag","embeddable":true,"href":"https:\/\/www.4netonline.com\/wpg\/wp-json\/wp\/v2\/product_tag?post=39485"}],"curies":[{"name":"wp","href":"https:\/\/api.w.org\/{rel}","templated":true}]}}