{"id":30875,"date":"2019-02-08T11:21:43","date_gmt":"2019-02-08T16:21:43","guid":{"rendered":"https:\/\/4netonline.com\/wpg\/?post_type=product&#038;p=30875"},"modified":"2023-08-25T13:19:24","modified_gmt":"2023-08-25T18:19:24","slug":"mant-lte-5o-5dbi-lte-antenna-with-2-x-sma-connectors","status":"publish","type":"product","link":"https:\/\/www.4netonline.com\/wpg\/product\/mant-lte-5o-5dbi-lte-antenna-with-2-x-sma-connectors\/","title":{"rendered":"mANT LTE 5o 5dBi LTE antenna with 2 x SMA connectors"},"content":{"rendered":"<p style=\"text-align: center;\">mANT LTE 5o 5dBi<\/p>\n<p>The mANT LTE is an omnidirectional antenna specifically designed for LTE frequencies. It is an excellent companion to our LTE devices, such as the wAP LTE and LtAP series. The antenna has a 5 dBi gain, improving your connection in the areas with inadequate LTE service coverage, allowing you to increase your connection speed.<\/p>\n<p style=\"text-align: center;\"><a href=\"https:\/\/4netonline.com\/wpg\/sales-team\/franklin-gutierrez-herrera\/\">Questions?<\/a><\/p>\n<h2 id=\"spec\">Product specifications<\/h2>\n<table class=\"table product-table\">\n<thead>\n<tr>\n<th colspan=\"2\">Details<\/th>\n<\/tr>\n<\/thead>\n<tbody>\n<tr>\n<td>Product code<\/td>\n<td>MTAO-LTE-5D-SQ<\/td>\n<\/tr>\n<tr>\n<td>Antenna gain<\/td>\n<td>5<\/td>\n<\/tr>\n<tr>\n<td>Beamwidth<\/td>\n<td>360\u00b0<\/td>\n<\/tr>\n<tr>\n<td>Connector<\/td>\n<td>2 x SMA female<\/td>\n<\/tr>\n<tr>\n<td>Diameter x Depth<\/td>\n<td>129 x 129 x 34 mm<\/td>\n<\/tr>\n<tr>\n<td>Frequency Range<\/td>\n<td>699 &#8211; 2690 MHz<\/td>\n<\/tr>\n<tr>\n<td>Operating Temperature<\/td>\n<td>-40\u00b0C .. +70\u00b0C tested<\/td>\n<\/tr>\n<\/tbody>\n<\/table>\n<p>&nbsp;<\/p>\n<p><span style=\"color: #ffffff;\">mANT LTE 5o 5dBi<\/span><\/p>\n<h4 class=\"t-18 t-black t-normal mb2\"><span style=\"color: #ffffff;\">Overview<\/span><\/h4>\n<p class=\"break-words white-space-pre-wrap mb5 t-14 t-black--light t-normal\"><span style=\"color: #ffffff;\">Somos un Distribuidor Master Mayorista localizado en Miami, FL. USA. Contamos con m\u00e1s de 20 a\u00f1os de experiencias y amplia presencia en Latinoam\u00e9rica. Productos; -Cables de Fibra Optica -Accesorios, Cajas y herramientas para Instalaci\u00f3n de redes de Fibra Opticas -Antenas -Cableado estructurado -Conectores y accesorios para instalaci\u00f3n de cableados -Productos para aplicaciones profesionales de Wireless (Wi-Fi); Switch, Routers, Antenas, Mesh, Somos distribuidores directos de marcas l\u00edderes en el mercado, tenemos varios programas donde ofrecemos bajos precios para compa\u00f1\u00edas aliadas. Usted y su empresa se beneficiar\u00e1 del ahorro y otras ventajas que la har\u00e1n m\u00e1s atractiva a sus clientes con las siguientes marcas:<\/span><\/p>\n<p class=\"break-words white-space-pre-wrap mb5 t-14 t-black--light t-normal\"><span style=\"color: #ffffff;\">Ubiquiti Mikrotik Cambium Networks Tenda Cablix Mimosa ALG COM Exportamos a: Argentina Bolivia Brasil Chile Colombia Costa Rica Ecuador M\u00e9xico Paraguay Panam\u00e1 Per\u00fa Puerto Rico Uruguay El Caribe Venezuela &#8212;&#8212;&#8212;&#8212;&#8212;&#8212;&#8212;&#8212;&#8212;&#8212;&#8212;&#8212;&#8212;&#8212;&#8212;&#8212;&#8212;&#8212;&#8212;&#8212;&#8212;&#8212;&#8212;&#8212;&#8212;&#8212;&#8212;&#8212;&#8212;&#8212;&#8212;&#8212;&#8212;&#8212;&#8212;&#8212;&#8212;&#8212;&#8212;&#8212;&#8212;&#8212;&#8211; We are a Master wholesale distributor located in Miami, FL. USA. We have over 20 years of experience and broad presence in Latin America. Line of products; -Optic Fiber &#8211; Accessories to install Optiv Fiber Network &#8211; Structured Cabling Products; &#8211; Wireless ( Wi-Fi based) products for Professional Applications; &#8211; CCTV &amp; Surveillance equipments and accessories; We are direct distributors of leading brands in the market, we have several programs where we offer low prices for allied companies. You and your company will benefit from the savings and other benefits that will make your business more attractive to your customers with the following brands:<\/span><\/p>\n<p><span style=\"color: #ffffff;\">mANT LTE 5o 5dBi<\/span><\/p>\n","protected":false},"excerpt":{"rendered":"<p>The mANT LTE is an omnidirectional antenna specifically designed for LTE frequencies. It is an excellent companion to our LTE devices, such as the wAP LTE and LtAP series. The antenna has a 5 dBi gain, improving your connection in the areas with inadequate LTE service coverage, allowing you to increase your connection speed.<\/p>\n","protected":false},"featured_media":30877,"template":"","meta":[],"etheme_brands":[{"term_id":1116,"name":"Mikrotik","slug":"mikrotik","term_group":0,"term_taxonomy_id":1116,"taxonomy":"brand","description":"","parent":0,"count":113,"filter":"raw"}],"product_brand":[],"product_cat":[1169,1165],"product_tag":[],"class_list":{"0":"post-30875","1":"product","2":"type-product","3":"status-publish","4":"has-post-thumbnail","6":"brand-mikrotik","7":"product_cat-mikrotik-lte-5g-products","8":"product_cat-mikrotik","10":"first","11":"instock","12":"taxable","13":"shipping-taxable","14":"purchasable","15":"product-type-simple"},"yoast_head":"<!-- This site is optimized with the Yoast SEO plugin v27.3 - https:\/\/yoast.com\/product\/yoast-seo-wordpress\/ -->\n<title>mANT LTE 5o 5dBi LTE antenna with 2 x SMA connectors - 4Net Networking<\/title>\n<meta name=\"description\" content=\"mANT LTE 5o 5dBi LTE antenna with 2 x SMA connectors The mANT LTE is an omnidirectional antenna specifically designed for LTE frequencies.\" \/>\n<meta name=\"robots\" content=\"index, follow, max-snippet:-1, max-image-preview:large, max-video-preview:-1\" \/>\n<link rel=\"canonical\" href=\"https:\/\/www.4netonline.com\/wpg\/product\/mant-lte-5o-5dbi-lte-antenna-with-2-x-sma-connectors\/\" \/>\n<meta property=\"og:locale\" content=\"en_US\" \/>\n<meta property=\"og:type\" content=\"article\" \/>\n<meta property=\"og:title\" content=\"mANT LTE 5o 5dBi LTE antenna with 2 x SMA connectors - 4Net Networking\" \/>\n<meta property=\"og:description\" content=\"mANT LTE 5o 5dBi LTE antenna with 2 x SMA connectors The mANT LTE is an omnidirectional antenna specifically designed for LTE frequencies.\" \/>\n<meta property=\"og:url\" content=\"https:\/\/www.4netonline.com\/wpg\/product\/mant-lte-5o-5dbi-lte-antenna-with-2-x-sma-connectors\/\" \/>\n<meta property=\"og:site_name\" content=\"4Net Networking\" \/>\n<meta property=\"article:publisher\" content=\"https:\/\/www.facebook.com\/4netNetworking\/\" \/>\n<meta property=\"article:modified_time\" content=\"2023-08-25T18:19:24+00:00\" \/>\n<meta property=\"og:image\" content=\"https:\/\/www.4netonline.com\/wpg\/wp-content\/uploads\/2019\/02\/51.png\" \/>\n\t<meta property=\"og:image:width\" content=\"800\" \/>\n\t<meta property=\"og:image:height\" content=\"800\" \/>\n\t<meta property=\"og:image:type\" content=\"image\/png\" \/>\n<meta name=\"twitter:card\" content=\"summary_large_image\" \/>\n<meta name=\"twitter:site\" content=\"@4netonline\" \/>\n<meta name=\"twitter:label1\" content=\"Est. reading time\" \/>\n\t<meta name=\"twitter:data1\" content=\"2 minutes\" \/>\n<script type=\"application\/ld+json\" class=\"yoast-schema-graph\">{\"@context\":\"https:\\\/\\\/schema.org\",\"@graph\":[{\"@type\":\"WebPage\",\"@id\":\"https:\\\/\\\/www.4netonline.com\\\/wpg\\\/product\\\/mant-lte-5o-5dbi-lte-antenna-with-2-x-sma-connectors\\\/\",\"url\":\"https:\\\/\\\/www.4netonline.com\\\/wpg\\\/product\\\/mant-lte-5o-5dbi-lte-antenna-with-2-x-sma-connectors\\\/\",\"name\":\"mANT LTE 5o 5dBi LTE antenna with 2 x SMA connectors - 4Net Networking\",\"isPartOf\":{\"@id\":\"https:\\\/\\\/www.4netonline.com\\\/wpg\\\/#website\"},\"primaryImageOfPage\":{\"@id\":\"https:\\\/\\\/www.4netonline.com\\\/wpg\\\/product\\\/mant-lte-5o-5dbi-lte-antenna-with-2-x-sma-connectors\\\/#primaryimage\"},\"image\":{\"@id\":\"https:\\\/\\\/www.4netonline.com\\\/wpg\\\/product\\\/mant-lte-5o-5dbi-lte-antenna-with-2-x-sma-connectors\\\/#primaryimage\"},\"thumbnailUrl\":\"https:\\\/\\\/www.4netonline.com\\\/wpg\\\/wp-content\\\/uploads\\\/2019\\\/02\\\/51.png\",\"datePublished\":\"2019-02-08T16:21:43+00:00\",\"dateModified\":\"2023-08-25T18:19:24+00:00\",\"description\":\"mANT LTE 5o 5dBi LTE antenna with 2 x SMA connectors The mANT LTE is an omnidirectional antenna specifically designed for LTE frequencies.\",\"breadcrumb\":{\"@id\":\"https:\\\/\\\/www.4netonline.com\\\/wpg\\\/product\\\/mant-lte-5o-5dbi-lte-antenna-with-2-x-sma-connectors\\\/#breadcrumb\"},\"inLanguage\":\"en-US\",\"potentialAction\":[{\"@type\":\"ReadAction\",\"target\":[\"https:\\\/\\\/www.4netonline.com\\\/wpg\\\/product\\\/mant-lte-5o-5dbi-lte-antenna-with-2-x-sma-connectors\\\/\"]}]},{\"@type\":\"ImageObject\",\"inLanguage\":\"en-US\",\"@id\":\"https:\\\/\\\/www.4netonline.com\\\/wpg\\\/product\\\/mant-lte-5o-5dbi-lte-antenna-with-2-x-sma-connectors\\\/#primaryimage\",\"url\":\"https:\\\/\\\/www.4netonline.com\\\/wpg\\\/wp-content\\\/uploads\\\/2019\\\/02\\\/51.png\",\"contentUrl\":\"https:\\\/\\\/www.4netonline.com\\\/wpg\\\/wp-content\\\/uploads\\\/2019\\\/02\\\/51.png\",\"width\":800,\"height\":800,\"caption\":\"mANT LTE 5o 5dBi\"},{\"@type\":\"BreadcrumbList\",\"@id\":\"https:\\\/\\\/www.4netonline.com\\\/wpg\\\/product\\\/mant-lte-5o-5dbi-lte-antenna-with-2-x-sma-connectors\\\/#breadcrumb\",\"itemListElement\":[{\"@type\":\"ListItem\",\"position\":1,\"name\":\"Home\",\"item\":\"https:\\\/\\\/www.4netonline.com\\\/wpg\\\/\"},{\"@type\":\"ListItem\",\"position\":2,\"name\":\"Shop\",\"item\":\"https:\\\/\\\/www.4netonline.com\\\/wpg\\\/shop-2\\\/\"},{\"@type\":\"ListItem\",\"position\":3,\"name\":\"mANT LTE 5o 5dBi LTE antenna with 2 x SMA connectors\"}]},{\"@type\":\"WebSite\",\"@id\":\"https:\\\/\\\/www.4netonline.com\\\/wpg\\\/#website\",\"url\":\"https:\\\/\\\/www.4netonline.com\\\/wpg\\\/\",\"name\":\"4Net Networking\",\"description\":\"\",\"publisher\":{\"@id\":\"https:\\\/\\\/www.4netonline.com\\\/wpg\\\/#organization\"},\"potentialAction\":[{\"@type\":\"SearchAction\",\"target\":{\"@type\":\"EntryPoint\",\"urlTemplate\":\"https:\\\/\\\/www.4netonline.com\\\/wpg\\\/?s={search_term_string}\"},\"query-input\":{\"@type\":\"PropertyValueSpecification\",\"valueRequired\":true,\"valueName\":\"search_term_string\"}}],\"inLanguage\":\"en-US\"},{\"@type\":\"Organization\",\"@id\":\"https:\\\/\\\/www.4netonline.com\\\/wpg\\\/#organization\",\"name\":\"4net Networks\",\"url\":\"https:\\\/\\\/www.4netonline.com\\\/wpg\\\/\",\"logo\":{\"@type\":\"ImageObject\",\"inLanguage\":\"en-US\",\"@id\":\"https:\\\/\\\/www.4netonline.com\\\/wpg\\\/#\\\/schema\\\/logo\\\/image\\\/\",\"url\":\"\",\"contentUrl\":\"\",\"caption\":\"4net Networks\"},\"image\":{\"@id\":\"https:\\\/\\\/www.4netonline.com\\\/wpg\\\/#\\\/schema\\\/logo\\\/image\\\/\"},\"sameAs\":[\"https:\\\/\\\/www.facebook.com\\\/4netNetworking\\\/\",\"https:\\\/\\\/x.com\\\/4netonline\",\"https:\\\/\\\/www.linkedin.com\\\/company\\\/4net-networking-corp\",\"https:\\\/\\\/www.youtube.com\\\/channel\\\/UCmHmX1rrKiDV0uOWZBVSn7g\"]}]}<\/script>\n<!-- \/ Yoast SEO plugin. -->","yoast_head_json":{"title":"mANT LTE 5o 5dBi LTE antenna with 2 x SMA connectors - 4Net Networking","description":"mANT LTE 5o 5dBi LTE antenna with 2 x SMA connectors The mANT LTE is an omnidirectional antenna specifically designed for LTE frequencies.","robots":{"index":"index","follow":"follow","max-snippet":"max-snippet:-1","max-image-preview":"max-image-preview:large","max-video-preview":"max-video-preview:-1"},"canonical":"https:\/\/www.4netonline.com\/wpg\/product\/mant-lte-5o-5dbi-lte-antenna-with-2-x-sma-connectors\/","og_locale":"en_US","og_type":"article","og_title":"mANT LTE 5o 5dBi LTE antenna with 2 x SMA connectors - 4Net Networking","og_description":"mANT LTE 5o 5dBi LTE antenna with 2 x SMA connectors The mANT LTE is an omnidirectional antenna specifically designed for LTE frequencies.","og_url":"https:\/\/www.4netonline.com\/wpg\/product\/mant-lte-5o-5dbi-lte-antenna-with-2-x-sma-connectors\/","og_site_name":"4Net Networking","article_publisher":"https:\/\/www.facebook.com\/4netNetworking\/","article_modified_time":"2023-08-25T18:19:24+00:00","og_image":[{"width":800,"height":800,"url":"https:\/\/www.4netonline.com\/wpg\/wp-content\/uploads\/2019\/02\/51.png","type":"image\/png"}],"twitter_card":"summary_large_image","twitter_site":"@4netonline","twitter_misc":{"Est. reading time":"2 minutes"},"schema":{"@context":"https:\/\/schema.org","@graph":[{"@type":"WebPage","@id":"https:\/\/www.4netonline.com\/wpg\/product\/mant-lte-5o-5dbi-lte-antenna-with-2-x-sma-connectors\/","url":"https:\/\/www.4netonline.com\/wpg\/product\/mant-lte-5o-5dbi-lte-antenna-with-2-x-sma-connectors\/","name":"mANT LTE 5o 5dBi LTE antenna with 2 x SMA connectors - 4Net Networking","isPartOf":{"@id":"https:\/\/www.4netonline.com\/wpg\/#website"},"primaryImageOfPage":{"@id":"https:\/\/www.4netonline.com\/wpg\/product\/mant-lte-5o-5dbi-lte-antenna-with-2-x-sma-connectors\/#primaryimage"},"image":{"@id":"https:\/\/www.4netonline.com\/wpg\/product\/mant-lte-5o-5dbi-lte-antenna-with-2-x-sma-connectors\/#primaryimage"},"thumbnailUrl":"https:\/\/www.4netonline.com\/wpg\/wp-content\/uploads\/2019\/02\/51.png","datePublished":"2019-02-08T16:21:43+00:00","dateModified":"2023-08-25T18:19:24+00:00","description":"mANT LTE 5o 5dBi LTE antenna with 2 x SMA connectors The mANT LTE is an omnidirectional antenna specifically designed for LTE frequencies.","breadcrumb":{"@id":"https:\/\/www.4netonline.com\/wpg\/product\/mant-lte-5o-5dbi-lte-antenna-with-2-x-sma-connectors\/#breadcrumb"},"inLanguage":"en-US","potentialAction":[{"@type":"ReadAction","target":["https:\/\/www.4netonline.com\/wpg\/product\/mant-lte-5o-5dbi-lte-antenna-with-2-x-sma-connectors\/"]}]},{"@type":"ImageObject","inLanguage":"en-US","@id":"https:\/\/www.4netonline.com\/wpg\/product\/mant-lte-5o-5dbi-lte-antenna-with-2-x-sma-connectors\/#primaryimage","url":"https:\/\/www.4netonline.com\/wpg\/wp-content\/uploads\/2019\/02\/51.png","contentUrl":"https:\/\/www.4netonline.com\/wpg\/wp-content\/uploads\/2019\/02\/51.png","width":800,"height":800,"caption":"mANT LTE 5o 5dBi"},{"@type":"BreadcrumbList","@id":"https:\/\/www.4netonline.com\/wpg\/product\/mant-lte-5o-5dbi-lte-antenna-with-2-x-sma-connectors\/#breadcrumb","itemListElement":[{"@type":"ListItem","position":1,"name":"Home","item":"https:\/\/www.4netonline.com\/wpg\/"},{"@type":"ListItem","position":2,"name":"Shop","item":"https:\/\/www.4netonline.com\/wpg\/shop-2\/"},{"@type":"ListItem","position":3,"name":"mANT LTE 5o 5dBi LTE antenna with 2 x SMA connectors"}]},{"@type":"WebSite","@id":"https:\/\/www.4netonline.com\/wpg\/#website","url":"https:\/\/www.4netonline.com\/wpg\/","name":"4Net Networking","description":"","publisher":{"@id":"https:\/\/www.4netonline.com\/wpg\/#organization"},"potentialAction":[{"@type":"SearchAction","target":{"@type":"EntryPoint","urlTemplate":"https:\/\/www.4netonline.com\/wpg\/?s={search_term_string}"},"query-input":{"@type":"PropertyValueSpecification","valueRequired":true,"valueName":"search_term_string"}}],"inLanguage":"en-US"},{"@type":"Organization","@id":"https:\/\/www.4netonline.com\/wpg\/#organization","name":"4net Networks","url":"https:\/\/www.4netonline.com\/wpg\/","logo":{"@type":"ImageObject","inLanguage":"en-US","@id":"https:\/\/www.4netonline.com\/wpg\/#\/schema\/logo\/image\/","url":"","contentUrl":"","caption":"4net Networks"},"image":{"@id":"https:\/\/www.4netonline.com\/wpg\/#\/schema\/logo\/image\/"},"sameAs":["https:\/\/www.facebook.com\/4netNetworking\/","https:\/\/x.com\/4netonline","https:\/\/www.linkedin.com\/company\/4net-networking-corp","https:\/\/www.youtube.com\/channel\/UCmHmX1rrKiDV0uOWZBVSn7g"]}]}},"_links":{"self":[{"href":"https:\/\/www.4netonline.com\/wpg\/wp-json\/wp\/v2\/product\/30875","targetHints":{"allow":["GET"]}}],"collection":[{"href":"https:\/\/www.4netonline.com\/wpg\/wp-json\/wp\/v2\/product"}],"about":[{"href":"https:\/\/www.4netonline.com\/wpg\/wp-json\/wp\/v2\/types\/product"}],"version-history":[{"count":0,"href":"https:\/\/www.4netonline.com\/wpg\/wp-json\/wp\/v2\/product\/30875\/revisions"}],"wp:featuredmedia":[{"embeddable":true,"href":"https:\/\/www.4netonline.com\/wpg\/wp-json\/wp\/v2\/media\/30877"}],"wp:attachment":[{"href":"https:\/\/www.4netonline.com\/wpg\/wp-json\/wp\/v2\/media?parent=30875"}],"wp:term":[{"taxonomy":"brand","embeddable":true,"href":"https:\/\/www.4netonline.com\/wpg\/wp-json\/wp\/v2\/etheme_brands?post=30875"},{"taxonomy":"product_brand","embeddable":true,"href":"https:\/\/www.4netonline.com\/wpg\/wp-json\/wp\/v2\/product_brand?post=30875"},{"taxonomy":"product_cat","embeddable":true,"href":"https:\/\/www.4netonline.com\/wpg\/wp-json\/wp\/v2\/product_cat?post=30875"},{"taxonomy":"product_tag","embeddable":true,"href":"https:\/\/www.4netonline.com\/wpg\/wp-json\/wp\/v2\/product_tag?post=30875"}],"curies":[{"name":"wp","href":"https:\/\/api.w.org\/{rel}","templated":true}]}}