{"id":30864,"date":"2019-02-08T09:10:52","date_gmt":"2019-02-08T14:10:52","guid":{"rendered":"https:\/\/4netonline.com\/wpg\/?post_type=product&#038;p=30864"},"modified":"2023-08-25T13:20:14","modified_gmt":"2023-08-25T18:20:14","slug":"mikrotik-wireless-wire-dish-rblhgg-60adkit","status":"publish","type":"product","link":"https:\/\/www.4netonline.com\/wpg\/product\/mikrotik-wireless-wire-dish-rblhgg-60adkit\/","title":{"rendered":"MikroTik Wireless Wire Dish RBLHGG-60adkit"},"content":{"rendered":"<p style=\"text-align: center;\">MikroTik Wireless<\/p>\n<p>The Wireless Wire Dish is a ground breaking solution which offers Fiber speed and quality on distances up to 1500 m for a fraction of the price!<\/p>\n<p>This amazing kit makes a secure AES encrypted 60 GHz wireless link that is not affected by the crowded WiFi spectrum, offering a stable and fast link for distances of 1500 meters or more. Simply point the included devices at one another and power them on, they are already preconfigured to connect automatically and will make a 2 Gb\/s aggregate link.<\/p>\n<p>The box includes two LHGG-60ad devices that are already paired together, power supplies, PoE injectors and mounting kits for both devices.<\/p>\n<p style=\"text-align: center;\"><a href=\"https:\/\/4netonline.com\/wpg\/sales-team\/franklin-gutierrez-herrera\/\">Questions?<\/a><\/p>\n<p>&nbsp;<\/p>\n<h2>Specifications<\/h2>\n<table class=\"table product-table\">\n<thead>\n<tr>\n<th colspan=\"2\">Details<\/th>\n<\/tr>\n<\/thead>\n<tbody>\n<tr>\n<td>Product code<\/td>\n<td>RBLHGG-60adkit<\/td>\n<\/tr>\n<tr>\n<td>Architecture<\/td>\n<td>ARM 32bit<\/td>\n<\/tr>\n<tr>\n<td>CPU<\/td>\n<td>IPQ-4019<\/td>\n<\/tr>\n<tr>\n<td>CPU core count<\/td>\n<td>4<\/td>\n<\/tr>\n<tr>\n<td>CPU nominal frequency<\/td>\n<td>716.8 MHz<\/td>\n<\/tr>\n<tr>\n<td>Dimensions<\/td>\n<td>\u00d8 391 x 222 mm<\/td>\n<\/tr>\n<tr>\n<td>License level<\/td>\n<td>3<\/td>\n<\/tr>\n<tr>\n<td>Operating System<\/td>\n<td>RouterOS<\/td>\n<\/tr>\n<tr>\n<td>Size of RAM<\/td>\n<td>256 MB<\/td>\n<\/tr>\n<tr>\n<td>Storage size<\/td>\n<td>16 MB<\/td>\n<\/tr>\n<tr>\n<td>Storage type<\/td>\n<td>FLASH<\/td>\n<\/tr>\n<tr>\n<td>Tested ambient temperature<\/td>\n<td>-40\u00b0C to 55\u00b0C<\/td>\n<\/tr>\n<tr>\n<td>Suggested price<\/td>\n<td>$298.00<\/td>\n<\/tr>\n<\/tbody>\n<\/table>\n<div class=\"clearfix\"><\/div>\n<h2>Powering<\/h2>\n<table class=\"table product-table\">\n<thead>\n<tr>\n<th colspan=\"2\">Details<\/th>\n<\/tr>\n<\/thead>\n<tbody>\n<tr>\n<td>PoE in<\/td>\n<td>802.3af\/at<\/td>\n<\/tr>\n<tr>\n<td>PoE in input Voltage<\/td>\n<td>12-57 V<\/td>\n<\/tr>\n<tr>\n<td>Number of DC inputs<\/td>\n<td>1 (PoE-IN)<\/td>\n<\/tr>\n<tr>\n<td>Max power consumption<\/td>\n<td>5 W<\/td>\n<\/tr>\n<\/tbody>\n<\/table>\n<div class=\"clearfix\"><\/div>\n<h2>Ethernet<\/h2>\n<table class=\"table product-table\">\n<thead>\n<tr>\n<th colspan=\"2\">Details<\/th>\n<\/tr>\n<\/thead>\n<tbody>\n<tr>\n<td>10\/100\/1000 Ethernet ports<\/p>\n<p>&nbsp;<\/p>\n<p>&nbsp;<\/td>\n<td>1<\/td>\n<\/tr>\n<\/tbody>\n<\/table>\n<p>&nbsp;<\/p>\n<p>&nbsp;<\/p>\n<p><span style=\"color: #ffffff;\">MikroTik Wireless <\/span><\/p>\n<h4 class=\"t-18 t-black t-normal mb2\"><span style=\"color: #ffffff;\">Overview<\/span><\/h4>\n<p class=\"break-words white-space-pre-wrap mb5 t-14 t-black--light t-normal\"><span style=\"color: #ffffff;\">Somos un Distribuidor Master Mayorista localizado en Miami, FL. USA. Contamos con m\u00e1s de 20 a\u00f1os de experiencias y amplia presencia en Latinoam\u00e9rica. Productos; -Cables de Fibra Optica -Accesorios, Cajas y herramientas para Instalaci\u00f3n de redes de Fibra Opticas -Antenas -Cableado estructurado -Conectores y accesorios para instalaci\u00f3n de cableados -Productos para aplicaciones profesionales de Wireless (Wi-Fi); Switch, Routers, Antenas, Mesh, Somos distribuidores directos de marcas l\u00edderes en el mercado, tenemos varios programas donde ofrecemos bajos precios para compa\u00f1\u00edas aliadas. Usted y su empresa se beneficiar\u00e1 del ahorro y otras ventajas que la har\u00e1n m\u00e1s atractiva a sus clientes con las siguientes marcas: Ubiquiti Mikrotik Cambium Networks Tenda Cablix Mimosa ALG COM<\/span><\/p>\n<p><span style=\"color: #ffffff;\">Exportamos a: Argentina Bolivia Brasil Chile Colombia Costa Rica Ecuador M\u00e9xico Paraguay Panam\u00e1 Per\u00fa Puerto Rico Uruguay El Caribe Venezuela<\/span><\/p>\n<p><span style=\"color: #ffffff;\">MikroTik Wireless <\/span><\/p>\n","protected":false},"excerpt":{"rendered":"<p>The Wireless Wire Dish is a ground breaking solution which offers Fiber speed and quality on distances up to 1500 m for a fraction of the price!<\/p>\n<p>This amazing kit makes a secure AES encrypted 60 GHz wireless link that is not affected by the crowded WiFi spectrum, offering a stable and fast link for distances of 1500 meters or more. Simply point the included devices at one another and power them on, they are already preconfigured to connect automatically and will make a 2 Gb\/s aggregate link.<\/p>\n<p>The box includes two LHGG-60ad devices that are already paired together, power supplies, PoE injectors and mounting kits for both devices.<\/p>\n","protected":false},"featured_media":30866,"template":"","meta":[],"etheme_brands":[{"term_id":1116,"name":"Mikrotik","slug":"mikrotik","term_group":0,"term_taxonomy_id":1116,"taxonomy":"brand","description":"","parent":0,"count":113,"filter":"raw"}],"product_brand":[],"product_cat":[1172,1177,1165],"product_tag":[],"class_list":{"0":"post-30864","1":"product","2":"type-product","3":"status-publish","4":"has-post-thumbnail","6":"brand-mikrotik","7":"product_cat-mikrotik-60ghz-products","8":"product_cat-mikrotik-antennas","9":"product_cat-mikrotik","11":"first","12":"instock","13":"taxable","14":"shipping-taxable","15":"purchasable","16":"product-type-simple"},"yoast_head":"<!-- This site is optimized with the Yoast SEO plugin v27.3 - https:\/\/yoast.com\/product\/yoast-seo-wordpress\/ -->\n<title>MikroTik Wireless Wire Dish RBLHGG-60adkit - 4Net Networking<\/title>\n<meta name=\"description\" content=\"MikroTik Wireless Wire Dish RBLHGG-60adkit is a ground breaking solution which offers Fiber speed and quality on distances up to 1500\" \/>\n<meta name=\"robots\" content=\"index, follow, max-snippet:-1, max-image-preview:large, max-video-preview:-1\" \/>\n<link rel=\"canonical\" href=\"https:\/\/www.4netonline.com\/wpg\/product\/mikrotik-wireless-wire-dish-rblhgg-60adkit\/\" \/>\n<meta property=\"og:locale\" content=\"en_US\" \/>\n<meta property=\"og:type\" content=\"article\" \/>\n<meta property=\"og:title\" content=\"MikroTik Wireless Wire Dish RBLHGG-60adkit - 4Net Networking\" \/>\n<meta property=\"og:description\" content=\"MikroTik Wireless Wire Dish RBLHGG-60adkit is a ground breaking solution which offers Fiber speed and quality on distances up to 1500\" \/>\n<meta property=\"og:url\" content=\"https:\/\/www.4netonline.com\/wpg\/product\/mikrotik-wireless-wire-dish-rblhgg-60adkit\/\" \/>\n<meta property=\"og:site_name\" content=\"4Net Networking\" \/>\n<meta property=\"article:publisher\" content=\"https:\/\/www.facebook.com\/4netNetworking\/\" \/>\n<meta property=\"article:modified_time\" content=\"2023-08-25T18:20:14+00:00\" \/>\n<meta property=\"og:image\" content=\"https:\/\/www.4netonline.com\/wpg\/wp-content\/uploads\/2019\/02\/43.png\" \/>\n\t<meta property=\"og:image:width\" content=\"600\" \/>\n\t<meta property=\"og:image:height\" content=\"600\" \/>\n\t<meta property=\"og:image:type\" content=\"image\/png\" \/>\n<meta name=\"twitter:card\" content=\"summary_large_image\" \/>\n<meta name=\"twitter:site\" content=\"@4netonline\" \/>\n<meta name=\"twitter:label1\" content=\"Est. reading time\" \/>\n\t<meta name=\"twitter:data1\" content=\"2 minutes\" \/>\n<script type=\"application\/ld+json\" class=\"yoast-schema-graph\">{\"@context\":\"https:\\\/\\\/schema.org\",\"@graph\":[{\"@type\":\"WebPage\",\"@id\":\"https:\\\/\\\/www.4netonline.com\\\/wpg\\\/product\\\/mikrotik-wireless-wire-dish-rblhgg-60adkit\\\/\",\"url\":\"https:\\\/\\\/www.4netonline.com\\\/wpg\\\/product\\\/mikrotik-wireless-wire-dish-rblhgg-60adkit\\\/\",\"name\":\"MikroTik Wireless Wire Dish RBLHGG-60adkit - 4Net Networking\",\"isPartOf\":{\"@id\":\"https:\\\/\\\/www.4netonline.com\\\/wpg\\\/#website\"},\"primaryImageOfPage\":{\"@id\":\"https:\\\/\\\/www.4netonline.com\\\/wpg\\\/product\\\/mikrotik-wireless-wire-dish-rblhgg-60adkit\\\/#primaryimage\"},\"image\":{\"@id\":\"https:\\\/\\\/www.4netonline.com\\\/wpg\\\/product\\\/mikrotik-wireless-wire-dish-rblhgg-60adkit\\\/#primaryimage\"},\"thumbnailUrl\":\"https:\\\/\\\/www.4netonline.com\\\/wpg\\\/wp-content\\\/uploads\\\/2019\\\/02\\\/43.png\",\"datePublished\":\"2019-02-08T14:10:52+00:00\",\"dateModified\":\"2023-08-25T18:20:14+00:00\",\"description\":\"MikroTik Wireless Wire Dish RBLHGG-60adkit is a ground breaking solution which offers Fiber speed and quality on distances up to 1500\",\"breadcrumb\":{\"@id\":\"https:\\\/\\\/www.4netonline.com\\\/wpg\\\/product\\\/mikrotik-wireless-wire-dish-rblhgg-60adkit\\\/#breadcrumb\"},\"inLanguage\":\"en-US\",\"potentialAction\":[{\"@type\":\"ReadAction\",\"target\":[\"https:\\\/\\\/www.4netonline.com\\\/wpg\\\/product\\\/mikrotik-wireless-wire-dish-rblhgg-60adkit\\\/\"]}]},{\"@type\":\"ImageObject\",\"inLanguage\":\"en-US\",\"@id\":\"https:\\\/\\\/www.4netonline.com\\\/wpg\\\/product\\\/mikrotik-wireless-wire-dish-rblhgg-60adkit\\\/#primaryimage\",\"url\":\"https:\\\/\\\/www.4netonline.com\\\/wpg\\\/wp-content\\\/uploads\\\/2019\\\/02\\\/43.png\",\"contentUrl\":\"https:\\\/\\\/www.4netonline.com\\\/wpg\\\/wp-content\\\/uploads\\\/2019\\\/02\\\/43.png\",\"width\":600,\"height\":600,\"caption\":\"MikroTik Wireless\"},{\"@type\":\"BreadcrumbList\",\"@id\":\"https:\\\/\\\/www.4netonline.com\\\/wpg\\\/product\\\/mikrotik-wireless-wire-dish-rblhgg-60adkit\\\/#breadcrumb\",\"itemListElement\":[{\"@type\":\"ListItem\",\"position\":1,\"name\":\"Home\",\"item\":\"https:\\\/\\\/www.4netonline.com\\\/wpg\\\/\"},{\"@type\":\"ListItem\",\"position\":2,\"name\":\"Shop\",\"item\":\"https:\\\/\\\/www.4netonline.com\\\/wpg\\\/shop-2\\\/\"},{\"@type\":\"ListItem\",\"position\":3,\"name\":\"MikroTik Wireless Wire Dish RBLHGG-60adkit\"}]},{\"@type\":\"WebSite\",\"@id\":\"https:\\\/\\\/www.4netonline.com\\\/wpg\\\/#website\",\"url\":\"https:\\\/\\\/www.4netonline.com\\\/wpg\\\/\",\"name\":\"4Net Networking\",\"description\":\"\",\"publisher\":{\"@id\":\"https:\\\/\\\/www.4netonline.com\\\/wpg\\\/#organization\"},\"potentialAction\":[{\"@type\":\"SearchAction\",\"target\":{\"@type\":\"EntryPoint\",\"urlTemplate\":\"https:\\\/\\\/www.4netonline.com\\\/wpg\\\/?s={search_term_string}\"},\"query-input\":{\"@type\":\"PropertyValueSpecification\",\"valueRequired\":true,\"valueName\":\"search_term_string\"}}],\"inLanguage\":\"en-US\"},{\"@type\":\"Organization\",\"@id\":\"https:\\\/\\\/www.4netonline.com\\\/wpg\\\/#organization\",\"name\":\"4net Networks\",\"url\":\"https:\\\/\\\/www.4netonline.com\\\/wpg\\\/\",\"logo\":{\"@type\":\"ImageObject\",\"inLanguage\":\"en-US\",\"@id\":\"https:\\\/\\\/www.4netonline.com\\\/wpg\\\/#\\\/schema\\\/logo\\\/image\\\/\",\"url\":\"\",\"contentUrl\":\"\",\"caption\":\"4net Networks\"},\"image\":{\"@id\":\"https:\\\/\\\/www.4netonline.com\\\/wpg\\\/#\\\/schema\\\/logo\\\/image\\\/\"},\"sameAs\":[\"https:\\\/\\\/www.facebook.com\\\/4netNetworking\\\/\",\"https:\\\/\\\/x.com\\\/4netonline\",\"https:\\\/\\\/www.linkedin.com\\\/company\\\/4net-networking-corp\",\"https:\\\/\\\/www.youtube.com\\\/channel\\\/UCmHmX1rrKiDV0uOWZBVSn7g\"]}]}<\/script>\n<!-- \/ Yoast SEO plugin. -->","yoast_head_json":{"title":"MikroTik Wireless Wire Dish RBLHGG-60adkit - 4Net Networking","description":"MikroTik Wireless Wire Dish RBLHGG-60adkit is a ground breaking solution which offers Fiber speed and quality on distances up to 1500","robots":{"index":"index","follow":"follow","max-snippet":"max-snippet:-1","max-image-preview":"max-image-preview:large","max-video-preview":"max-video-preview:-1"},"canonical":"https:\/\/www.4netonline.com\/wpg\/product\/mikrotik-wireless-wire-dish-rblhgg-60adkit\/","og_locale":"en_US","og_type":"article","og_title":"MikroTik Wireless Wire Dish RBLHGG-60adkit - 4Net Networking","og_description":"MikroTik Wireless Wire Dish RBLHGG-60adkit is a ground breaking solution which offers Fiber speed and quality on distances up to 1500","og_url":"https:\/\/www.4netonline.com\/wpg\/product\/mikrotik-wireless-wire-dish-rblhgg-60adkit\/","og_site_name":"4Net Networking","article_publisher":"https:\/\/www.facebook.com\/4netNetworking\/","article_modified_time":"2023-08-25T18:20:14+00:00","og_image":[{"width":600,"height":600,"url":"https:\/\/www.4netonline.com\/wpg\/wp-content\/uploads\/2019\/02\/43.png","type":"image\/png"}],"twitter_card":"summary_large_image","twitter_site":"@4netonline","twitter_misc":{"Est. reading time":"2 minutes"},"schema":{"@context":"https:\/\/schema.org","@graph":[{"@type":"WebPage","@id":"https:\/\/www.4netonline.com\/wpg\/product\/mikrotik-wireless-wire-dish-rblhgg-60adkit\/","url":"https:\/\/www.4netonline.com\/wpg\/product\/mikrotik-wireless-wire-dish-rblhgg-60adkit\/","name":"MikroTik Wireless Wire Dish RBLHGG-60adkit - 4Net Networking","isPartOf":{"@id":"https:\/\/www.4netonline.com\/wpg\/#website"},"primaryImageOfPage":{"@id":"https:\/\/www.4netonline.com\/wpg\/product\/mikrotik-wireless-wire-dish-rblhgg-60adkit\/#primaryimage"},"image":{"@id":"https:\/\/www.4netonline.com\/wpg\/product\/mikrotik-wireless-wire-dish-rblhgg-60adkit\/#primaryimage"},"thumbnailUrl":"https:\/\/www.4netonline.com\/wpg\/wp-content\/uploads\/2019\/02\/43.png","datePublished":"2019-02-08T14:10:52+00:00","dateModified":"2023-08-25T18:20:14+00:00","description":"MikroTik Wireless Wire Dish RBLHGG-60adkit is a ground breaking solution which offers Fiber speed and quality on distances up to 1500","breadcrumb":{"@id":"https:\/\/www.4netonline.com\/wpg\/product\/mikrotik-wireless-wire-dish-rblhgg-60adkit\/#breadcrumb"},"inLanguage":"en-US","potentialAction":[{"@type":"ReadAction","target":["https:\/\/www.4netonline.com\/wpg\/product\/mikrotik-wireless-wire-dish-rblhgg-60adkit\/"]}]},{"@type":"ImageObject","inLanguage":"en-US","@id":"https:\/\/www.4netonline.com\/wpg\/product\/mikrotik-wireless-wire-dish-rblhgg-60adkit\/#primaryimage","url":"https:\/\/www.4netonline.com\/wpg\/wp-content\/uploads\/2019\/02\/43.png","contentUrl":"https:\/\/www.4netonline.com\/wpg\/wp-content\/uploads\/2019\/02\/43.png","width":600,"height":600,"caption":"MikroTik Wireless"},{"@type":"BreadcrumbList","@id":"https:\/\/www.4netonline.com\/wpg\/product\/mikrotik-wireless-wire-dish-rblhgg-60adkit\/#breadcrumb","itemListElement":[{"@type":"ListItem","position":1,"name":"Home","item":"https:\/\/www.4netonline.com\/wpg\/"},{"@type":"ListItem","position":2,"name":"Shop","item":"https:\/\/www.4netonline.com\/wpg\/shop-2\/"},{"@type":"ListItem","position":3,"name":"MikroTik Wireless Wire Dish RBLHGG-60adkit"}]},{"@type":"WebSite","@id":"https:\/\/www.4netonline.com\/wpg\/#website","url":"https:\/\/www.4netonline.com\/wpg\/","name":"4Net Networking","description":"","publisher":{"@id":"https:\/\/www.4netonline.com\/wpg\/#organization"},"potentialAction":[{"@type":"SearchAction","target":{"@type":"EntryPoint","urlTemplate":"https:\/\/www.4netonline.com\/wpg\/?s={search_term_string}"},"query-input":{"@type":"PropertyValueSpecification","valueRequired":true,"valueName":"search_term_string"}}],"inLanguage":"en-US"},{"@type":"Organization","@id":"https:\/\/www.4netonline.com\/wpg\/#organization","name":"4net Networks","url":"https:\/\/www.4netonline.com\/wpg\/","logo":{"@type":"ImageObject","inLanguage":"en-US","@id":"https:\/\/www.4netonline.com\/wpg\/#\/schema\/logo\/image\/","url":"","contentUrl":"","caption":"4net Networks"},"image":{"@id":"https:\/\/www.4netonline.com\/wpg\/#\/schema\/logo\/image\/"},"sameAs":["https:\/\/www.facebook.com\/4netNetworking\/","https:\/\/x.com\/4netonline","https:\/\/www.linkedin.com\/company\/4net-networking-corp","https:\/\/www.youtube.com\/channel\/UCmHmX1rrKiDV0uOWZBVSn7g"]}]}},"_links":{"self":[{"href":"https:\/\/www.4netonline.com\/wpg\/wp-json\/wp\/v2\/product\/30864","targetHints":{"allow":["GET"]}}],"collection":[{"href":"https:\/\/www.4netonline.com\/wpg\/wp-json\/wp\/v2\/product"}],"about":[{"href":"https:\/\/www.4netonline.com\/wpg\/wp-json\/wp\/v2\/types\/product"}],"version-history":[{"count":0,"href":"https:\/\/www.4netonline.com\/wpg\/wp-json\/wp\/v2\/product\/30864\/revisions"}],"wp:featuredmedia":[{"embeddable":true,"href":"https:\/\/www.4netonline.com\/wpg\/wp-json\/wp\/v2\/media\/30866"}],"wp:attachment":[{"href":"https:\/\/www.4netonline.com\/wpg\/wp-json\/wp\/v2\/media?parent=30864"}],"wp:term":[{"taxonomy":"brand","embeddable":true,"href":"https:\/\/www.4netonline.com\/wpg\/wp-json\/wp\/v2\/etheme_brands?post=30864"},{"taxonomy":"product_brand","embeddable":true,"href":"https:\/\/www.4netonline.com\/wpg\/wp-json\/wp\/v2\/product_brand?post=30864"},{"taxonomy":"product_cat","embeddable":true,"href":"https:\/\/www.4netonline.com\/wpg\/wp-json\/wp\/v2\/product_cat?post=30864"},{"taxonomy":"product_tag","embeddable":true,"href":"https:\/\/www.4netonline.com\/wpg\/wp-json\/wp\/v2\/product_tag?post=30864"}],"curies":[{"name":"wp","href":"https:\/\/api.w.org\/{rel}","templated":true}]}}